{"id":1172,"date":"2015-07-15T12:18:02","date_gmt":"2015-07-15T10:18:02","guid":{"rendered":"https:\/\/inteligentny-rozwoj.com.pl\/?page_id=1172"},"modified":"2016-05-31T11:42:24","modified_gmt":"2016-05-31T09:42:24","slug":"dzialanie-3-2-internacjonalizacja-msp","status":"publish","type":"page","link":"https:\/\/inteligentny-rozwoj.com.pl\/index.php\/fundusze-europejskie-2014-2020\/regionalne-programy-operacyjne-2014-2020-rpo-2014-2020\/regionalny-program-operacyjny-wojewodztwa-mazowieckiego-na-lata-2014-2020\/dzialanie-3-2-internacjonalizacja-msp\/","title":{"rendered":"Dzia\u0142anie 3.2 Internacjonalizacja M\u015aP"},"content":{"rendered":"<p>Dzia\u0142anie 3.2 Internacjonalizacja M\u015aP \u2013 Regionalny Program Operacyjny Wojew\u00f3dztwa Mazowieckiego 2014-2020 (RPO WM 2014-2020).<\/p>\n<p>Cel szczeg\u00f3\u0142owy realizowany poprzez Dzia\u0142anie 3.2 Internacjonalizacja M\u015aP: Zwi\u0119kszony poziom handlu zagranicznego sektora M\u015aP<\/p>\n<p>Dzia\u0142anie realizowane b\u0119dzie poprzez 2 poddzia\u0142ania:<\/p>\n<ul>\n<li>Poddzia\u0142anie 3.2.1 Modele biznesowe w ramach ZIT<\/li>\n<li><a title=\"Poddzia\u0142anie 3.2.2 Internacjonalizacja przedsi\u0119biorstw \u2013 typ projekt\u00f3w \u201eInternacjonalizacja przedsi\u0119biorstw poprzez wzrost eksportu towar\u00f3w i us\u0142ug\u201d\" href=\"https:\/\/inteligentny-rozwoj.com.pl\/index.php\/fundusze-europejskie-2014-2020\/regionalne-programy-operacyjne-2014-2020-rpo-2014-2020\/regionalny-program-operacyjny-wojewodztwa-mazowieckiego-na-lata-2014-2020\/dzialanie-3-2-internacjonalizacja-msp\/poddzialanie-3-2-2-internacjonalizacja-przedsiebiorstw-modele-biznesowe\/\" target=\"_blank\">Poddzia\u0142anie 3.2.2 Internacjonalizacja przedsi\u0119biorstw \u2013 typ projekt\u00f3w \u201e<b><i>Internacjonalizacja przedsi\u0119biorstw poprzez wzrost eksportu towar\u00f3w i us\u0142ug<\/i><\/b>\u201d<\/a><\/li>\n<\/ul>\n<p style=\"text-align: justify;\">Wsparcie w ramach Dzia\u0142ania 3.2 ukierunkowane b\u0119dzie na wzrost internacjonalizacji przedsi\u0119biorstw oraz promocj\u0119 gospodarcz\u0105 regionu.<\/p>\n<p style=\"text-align: justify;\">Wzmocnienie mi\u0119dzynarodowych powi\u0105za\u0144 gospodarczych oraz wypromowanie wojew\u00f3dztwa mazowieckiego zar\u00f3wno w kraju, jak i za granic\u0105 mo\u017cna osi\u0105gn\u0105\u0107 dzi\u0119ki intensyfikacji dzia\u0142a\u0144 zwi\u0105zanych z promocj\u0105 inwestycyjn\u0105 i gospodarcz\u0105 regionu. W ramach Dzia\u0142ania zaplanowano wsparcie inwestycji zwi\u0105zanych z:<\/p>\n<ul style=\"text-align: justify;\">\n<li>promocj\u0105 przedsi\u0119biorstw w kraju oraz na rynkach mi\u0119dzynarodowych,<\/li>\n<li>promocj\u0105 gospodarcz\u0105 regionu w ramach szerokiej lub kierunkowej kampanii promocyjnej.<\/li>\n<\/ul>\n<p style=\"text-align: justify;\">Interwencja b\u0119dzie polega\u0142a w g\u0142\u00f3wnej mierze na wsp\u00f3\u0142finansowaniu koszt\u00f3w udzia\u0142u przedsi\u0119biorstw z sektora M\u015aP w targach, wystawach, misjach itp. Odbywa\u0107 si\u0119 to b\u0119dzie w wyniku\u00a0<b><i>wdro\u017cenia nowych modeli biznesowych przedsi\u0119biorstw poprzez wsparcie na poszczeg\u00f3lnych etapach internacjonalizacji<\/i><\/b>\u00a0&#8211; od etapu koncepcyjnego, przez implementacje pomys\u0142u na internacjonalizacj\u0119 dzia\u0142alno\u015bci i podj\u0119cia mi\u0119dzynarodowej wsp\u00f3\u0142pracy gospodarczej, po rozszerzanie i udoskonalanie tej dzia\u0142alno\u015bci.<\/p>\n<p style=\"text-align: justify;\">Wzrost poziomu umi\u0119dzynarodowienia mazowieckich przedsi\u0119biorstw nast\u0105pi tak\u017ce poprzez u\u0142atwienie przedsi\u0119biorcom, a tak\u017ce organizacjom zrzeszaj\u0105cym przedsi\u0119biorc\u00f3w dost\u0119pu do wysokiej jako\u015bci nieodp\u0142atnych us\u0142ug informacyjnych w zakresie prowadzenia dzia\u0142alno\u015bci eksportowej i inwestycyjnej poza granicami Polski.<\/p>\n<p style=\"text-align: justify;\">W konsekwencji podj\u0119tych dzia\u0142a\u0144 wsparcie przyczyni si\u0119 do zmiany niekorzystnego bilansu wymiany zagranicznej w wojew\u00f3dztwie. Dodatkowo, w celu zwi\u0119kszenia atrakcyjno\u015bci inwestycyjnej wojew\u00f3dztwa, jak i poszczeg\u00f3lnych jego obszar\u00f3w wsparcie przyczyni si\u0119 do wzmocnienia i utrwalenia pozytywnego wizerunku Mazowsza oraz Warszawy i ich potencja\u0142u w zakresie korzystnych warunk\u00f3w dla lokalizowania i prowadzenia dzia\u0142alno\u015bci gospodarczej.<\/p>\n<p style=\"text-align: justify;\"><b>Priorytetowo<\/b>\u00a0traktowane b\u0119d\u0105 przedsi\u0119biorstwa wpisuj\u0105ce si\u0119 w obszary\u00a0<b><i>inteligentnej specjalizacji<\/i><\/b>.<\/p>\n<h2>Dzia\u0142anie 3.2 Internacjonalizacja M\u015aP \u2013 Regionalny Program Operacyjny Wojew\u00f3dztwa Mazowieckiego 2014-2020 (RPO WM 2014-2020):<\/h2>\n<p>Poznaj informacje dotycz\u0105ce RPO wojew\u00f3dztwa mazowieckiego oraz\u00a0<a title=\"RPO Mazowieckie oraz harmonogram nabor\u00f3w\" href=\"https:\/\/inteligentny-rozwoj.com.pl\/index.php\/fundusze-europejskie-2014-2020\/regionalne-programy-operacyjne-2014-2020-rpo-2014-2020\/regionalny-program-operacyjny-wojewodztwa-mazowieckiego-na-lata-2014-2020\/\" target=\"_blank\">sprawd\u017a harmonogram nabor\u00f3w<\/a>.<\/p>\n","protected":false},"excerpt":{"rendered":"<p>Dzia&#322;anie 3.2 Internacjonalizacja M&#346;P &ndash; Regionalny Program Operacyjny Wojew&oacute;dztwa Mazowieckiego 2014-2020 (RPO WM 2014-2020). Cel szczeg&oacute;&#322;owy realizowany poprzez Dzia&#322;anie 3.2 Internacjonalizacja M&#346;P: Zwi&#281;kszony poziom handlu zagranicznego sektora M&#346;P Dzia&#322;anie realizowane b&#281;dzie poprzez 2 poddzia&#322;ania: Poddzia&#322;anie 3.2.1 Modele biznesowe w ramach ZIT Poddzia&#322;anie 3.2.2 Internacjonalizacja przedsi&#281;biorstw &ndash; typ projekt&oacute;w &bdquo;Internacjonalizacja przedsi&#281;biorstw poprzez wzrost eksportu towar&oacute;w i [&hellip;]<\/p>\n","protected":false},"author":1,"featured_media":0,"parent":897,"menu_order":32,"comment_status":"closed","ping_status":"closed","template":"page-templates\/full-width.php","meta":{"_crdt_document":"","content-type":"","_uag_custom_page_level_css":"","footnotes":""},"class_list":["post-1172","page","type-page","status-publish","hentry"],"yoast_head":"<!-- This site is optimized with the Yoast SEO plugin v27.3 - https:\/\/yoast.com\/product\/yoast-seo-wordpress\/ -->\n<title>Dzia\u0142anie 3.2 Internacjonalizacja M\u015aP - RPO wojew\u00f3dztwa mazowieckiego<\/title>\n<meta name=\"description\" content=\"Dzia\u0142anie 3.2 Internacjonalizacja M\u015aP - Regionalny Program Operacyjny Wojew\u00f3dztwa Mazowieckiego 2014-2020 (RPO WM 2014-2020) - wspiera internacjonalizacj\u0119.\" \/>\n<meta name=\"robots\" content=\"index, follow, max-snippet:-1, max-image-preview:large, max-video-preview:-1\" \/>\n<link rel=\"canonical\" href=\"https:\/\/inteligentny-rozwoj.com.pl\/index.php\/fundusze-europejskie-2014-2020\/regionalne-programy-operacyjne-2014-2020-rpo-2014-2020\/regionalny-program-operacyjny-wojewodztwa-mazowieckiego-na-lata-2014-2020\/dzialanie-3-2-internacjonalizacja-msp\/\" \/>\n<meta property=\"og:locale\" content=\"pl_PL\" \/>\n<meta property=\"og:type\" content=\"article\" \/>\n<meta property=\"og:title\" content=\"Dzia\u0142anie 3.2 Internacjonalizacja M\u015aP - RPO wojew\u00f3dztwa mazowieckiego\" \/>\n<meta property=\"og:description\" content=\"Dzia\u0142anie 3.2 Internacjonalizacja M\u015aP - Regionalny Program Operacyjny Wojew\u00f3dztwa Mazowieckiego 2014-2020 (RPO WM 2014-2020) - wspiera internacjonalizacj\u0119.\" \/>\n<meta property=\"og:url\" content=\"https:\/\/inteligentny-rozwoj.com.pl\/index.php\/fundusze-europejskie-2014-2020\/regionalne-programy-operacyjne-2014-2020-rpo-2014-2020\/regionalny-program-operacyjny-wojewodztwa-mazowieckiego-na-lata-2014-2020\/dzialanie-3-2-internacjonalizacja-msp\/\" \/>\n<meta property=\"og:site_name\" content=\"RP CONSULTING Rafa\u0142 Pasterczyk | marketing B2B, eksport, dotacje UE\" \/>\n<meta property=\"article:publisher\" content=\"https:\/\/www.facebook.com\/RPConsulting\" \/>\n<meta property=\"article:modified_time\" content=\"2016-05-31T09:42:24+00:00\" \/>\n<meta property=\"og:image\" content=\"https:\/\/inteligentny-rozwoj.com.pl\/wp-content\/uploads\/2021\/06\/rpc_logo_sq.png\" \/>\n\t<meta property=\"og:image:width\" content=\"350\" \/>\n\t<meta property=\"og:image:height\" content=\"300\" \/>\n\t<meta property=\"og:image:type\" content=\"image\/png\" \/>\n<meta name=\"twitter:card\" content=\"summary_large_image\" \/>\n<meta name=\"twitter:site\" content=\"@rp_consulting\" \/>\n<meta name=\"twitter:label1\" content=\"Szacowany czas czytania\" \/>\n\t<meta name=\"twitter:data1\" content=\"2 minuty\" \/>\n<script type=\"application\/ld+json\" class=\"yoast-schema-graph\">{\"@context\":\"https:\\\/\\\/schema.org\",\"@graph\":[{\"@type\":\"Article\",\"@id\":\"https:\\\/\\\/inteligentny-rozwoj.com.pl\\\/index.php\\\/fundusze-europejskie-2014-2020\\\/regionalne-programy-operacyjne-2014-2020-rpo-2014-2020\\\/regionalny-program-operacyjny-wojewodztwa-mazowieckiego-na-lata-2014-2020\\\/dzialanie-3-2-internacjonalizacja-msp\\\/#article\",\"isPartOf\":{\"@id\":\"https:\\\/\\\/inteligentny-rozwoj.com.pl\\\/index.php\\\/fundusze-europejskie-2014-2020\\\/regionalne-programy-operacyjne-2014-2020-rpo-2014-2020\\\/regionalny-program-operacyjny-wojewodztwa-mazowieckiego-na-lata-2014-2020\\\/dzialanie-3-2-internacjonalizacja-msp\\\/\"},\"author\":{\"name\":\"RP CONSULTING Rafa\u0142 Pasterczyk\",\"@id\":\"https:\\\/\\\/inteligentny-rozwoj.com.pl\\\/#\\\/schema\\\/person\\\/781a467e5e331ce384632759ecdba772\"},\"headline\":\"Dzia\u0142anie 3.2 Internacjonalizacja M\u015aP\",\"datePublished\":\"2015-07-15T10:18:02+00:00\",\"dateModified\":\"2016-05-31T09:42:24+00:00\",\"mainEntityOfPage\":{\"@id\":\"https:\\\/\\\/inteligentny-rozwoj.com.pl\\\/index.php\\\/fundusze-europejskie-2014-2020\\\/regionalne-programy-operacyjne-2014-2020-rpo-2014-2020\\\/regionalny-program-operacyjny-wojewodztwa-mazowieckiego-na-lata-2014-2020\\\/dzialanie-3-2-internacjonalizacja-msp\\\/\"},\"wordCount\":385,\"publisher\":{\"@id\":\"https:\\\/\\\/inteligentny-rozwoj.com.pl\\\/#organization\"},\"inLanguage\":\"pl-PL\"},{\"@type\":\"WebPage\",\"@id\":\"https:\\\/\\\/inteligentny-rozwoj.com.pl\\\/index.php\\\/fundusze-europejskie-2014-2020\\\/regionalne-programy-operacyjne-2014-2020-rpo-2014-2020\\\/regionalny-program-operacyjny-wojewodztwa-mazowieckiego-na-lata-2014-2020\\\/dzialanie-3-2-internacjonalizacja-msp\\\/\",\"url\":\"https:\\\/\\\/inteligentny-rozwoj.com.pl\\\/index.php\\\/fundusze-europejskie-2014-2020\\\/regionalne-programy-operacyjne-2014-2020-rpo-2014-2020\\\/regionalny-program-operacyjny-wojewodztwa-mazowieckiego-na-lata-2014-2020\\\/dzialanie-3-2-internacjonalizacja-msp\\\/\",\"name\":\"Dzia\u0142anie 3.2 Internacjonalizacja M\u015aP - RPO wojew\u00f3dztwa mazowieckiego\",\"isPartOf\":{\"@id\":\"https:\\\/\\\/inteligentny-rozwoj.com.pl\\\/#website\"},\"datePublished\":\"2015-07-15T10:18:02+00:00\",\"dateModified\":\"2016-05-31T09:42:24+00:00\",\"description\":\"Dzia\u0142anie 3.2 Internacjonalizacja M\u015aP - Regionalny Program Operacyjny Wojew\u00f3dztwa Mazowieckiego 2014-2020 (RPO WM 2014-2020) - wspiera internacjonalizacj\u0119.\",\"breadcrumb\":{\"@id\":\"https:\\\/\\\/inteligentny-rozwoj.com.pl\\\/index.php\\\/fundusze-europejskie-2014-2020\\\/regionalne-programy-operacyjne-2014-2020-rpo-2014-2020\\\/regionalny-program-operacyjny-wojewodztwa-mazowieckiego-na-lata-2014-2020\\\/dzialanie-3-2-internacjonalizacja-msp\\\/#breadcrumb\"},\"inLanguage\":\"pl-PL\",\"potentialAction\":[{\"@type\":\"ReadAction\",\"target\":[\"https:\\\/\\\/inteligentny-rozwoj.com.pl\\\/index.php\\\/fundusze-europejskie-2014-2020\\\/regionalne-programy-operacyjne-2014-2020-rpo-2014-2020\\\/regionalny-program-operacyjny-wojewodztwa-mazowieckiego-na-lata-2014-2020\\\/dzialanie-3-2-internacjonalizacja-msp\\\/\"]}]},{\"@type\":\"BreadcrumbList\",\"@id\":\"https:\\\/\\\/inteligentny-rozwoj.com.pl\\\/index.php\\\/fundusze-europejskie-2014-2020\\\/regionalne-programy-operacyjne-2014-2020-rpo-2014-2020\\\/regionalny-program-operacyjny-wojewodztwa-mazowieckiego-na-lata-2014-2020\\\/dzialanie-3-2-internacjonalizacja-msp\\\/#breadcrumb\",\"itemListElement\":[{\"@type\":\"ListItem\",\"position\":1,\"name\":\"Fundusze 2014-2020\",\"item\":\"https:\\\/\\\/inteligentny-rozwoj.com.pl\\\/index.php\\\/fundusze-europejskie-2014-2020\\\/\"},{\"@type\":\"ListItem\",\"position\":2,\"name\":\"RPO 2014-2020\",\"item\":\"https:\\\/\\\/inteligentny-rozwoj.com.pl\\\/index.php\\\/fundusze-europejskie-2014-2020\\\/regionalne-programy-operacyjne-2014-2020-rpo-2014-2020\\\/\"},{\"@type\":\"ListItem\",\"position\":3,\"name\":\"RPO Mazowieckie\",\"item\":\"https:\\\/\\\/inteligentny-rozwoj.com.pl\\\/index.php\\\/fundusze-europejskie-2014-2020\\\/regionalne-programy-operacyjne-2014-2020-rpo-2014-2020\\\/regionalny-program-operacyjny-wojewodztwa-mazowieckiego-na-lata-2014-2020\\\/\"},{\"@type\":\"ListItem\",\"position\":4,\"name\":\"Dzia\u0142anie 3.2 Internacjonalizacja M\u015aP\"}]},{\"@type\":\"WebSite\",\"@id\":\"https:\\\/\\\/inteligentny-rozwoj.com.pl\\\/#website\",\"url\":\"https:\\\/\\\/inteligentny-rozwoj.com.pl\\\/\",\"name\":\"RP CONSULTING Rafa\u0142 Pasterczyk | marketing B2B, eksport, dotacje UE\",\"description\":\"Tw\u00f3j partner w rozwoju biznesu - skuteczne doradztwo w marketingu B2B, rozwoju eksportu i pozyskiwaniu dotacji\",\"publisher\":{\"@id\":\"https:\\\/\\\/inteligentny-rozwoj.com.pl\\\/#organization\"},\"alternateName\":\"Rafa\u0142 Pasterczyk RP CONSULTING\",\"potentialAction\":[{\"@type\":\"SearchAction\",\"target\":{\"@type\":\"EntryPoint\",\"urlTemplate\":\"https:\\\/\\\/inteligentny-rozwoj.com.pl\\\/?s={search_term_string}\"},\"query-input\":{\"@type\":\"PropertyValueSpecification\",\"valueRequired\":true,\"valueName\":\"search_term_string\"}}],\"inLanguage\":\"pl-PL\"},{\"@type\":\"Organization\",\"@id\":\"https:\\\/\\\/inteligentny-rozwoj.com.pl\\\/#organization\",\"name\":\"RP CONSULTING Rafa\u0142 Pasterczyk\",\"alternateName\":\"Rafa\u0142 Pasterczyk RP CONSULTING\",\"url\":\"https:\\\/\\\/inteligentny-rozwoj.com.pl\\\/\",\"logo\":{\"@type\":\"ImageObject\",\"inLanguage\":\"pl-PL\",\"@id\":\"https:\\\/\\\/inteligentny-rozwoj.com.pl\\\/#\\\/schema\\\/logo\\\/image\\\/\",\"url\":\"https:\\\/\\\/inteligentny-rozwoj.com.pl\\\/wp-content\\\/uploads\\\/2019\\\/01\\\/cropped-rpc_logo_sq-e1546996617786.png\",\"contentUrl\":\"https:\\\/\\\/inteligentny-rozwoj.com.pl\\\/wp-content\\\/uploads\\\/2019\\\/01\\\/cropped-rpc_logo_sq-e1546996617786.png\",\"width\":512,\"height\":512,\"caption\":\"RP CONSULTING Rafa\u0142 Pasterczyk\"},\"image\":{\"@id\":\"https:\\\/\\\/inteligentny-rozwoj.com.pl\\\/#\\\/schema\\\/logo\\\/image\\\/\"},\"sameAs\":[\"https:\\\/\\\/www.facebook.com\\\/RPConsulting\",\"https:\\\/\\\/x.com\\\/rp_consulting\",\"https:\\\/\\\/www.instagram.com\\\/rpconsulting.pl\\\/\",\"https:\\\/\\\/pl.linkedin.com\\\/company\\\/rp-consulting-rpc\",\"https:\\\/\\\/www.linkedin.com\\\/in\\\/rafal-pasterczyk\\\/\"]},{\"@type\":\"Person\",\"@id\":\"https:\\\/\\\/inteligentny-rozwoj.com.pl\\\/#\\\/schema\\\/person\\\/781a467e5e331ce384632759ecdba772\",\"name\":\"RP CONSULTING Rafa\u0142 Pasterczyk\",\"image\":{\"@type\":\"ImageObject\",\"inLanguage\":\"pl-PL\",\"@id\":\"https:\\\/\\\/secure.gravatar.com\\\/avatar\\\/fde501377d5b06ef1fb158c1ea34fe2defd80fd9526b2263a81456023558c240?s=96&d=mm&r=g\",\"url\":\"https:\\\/\\\/secure.gravatar.com\\\/avatar\\\/fde501377d5b06ef1fb158c1ea34fe2defd80fd9526b2263a81456023558c240?s=96&d=mm&r=g\",\"contentUrl\":\"https:\\\/\\\/secure.gravatar.com\\\/avatar\\\/fde501377d5b06ef1fb158c1ea34fe2defd80fd9526b2263a81456023558c240?s=96&d=mm&r=g\",\"caption\":\"RP CONSULTING Rafa\u0142 Pasterczyk\"},\"description\":\"Doradztwo biznesowe i outsourcing - us\u0142ugi doradcze w zakresie marketingu B2B, rozwoju eksportu oraz pozyskiwanie i rozliczanie dotacji na rozw\u00f3j eksportu i cyfryzacj\u0119. Ponad 100 skutecznie zrealizowanych projekt\u00f3w. Wiele z nich \u0142\u0105czy doradztwo w zakresie strategii internacjonalizacji ze skutecznym pozyskaniem dofinansowania na dzia\u0142ania na rynkach zagranicznych.\",\"sameAs\":[\"https:\\\/\\\/inteligentny-rozwoj.com.pl\\\/\",\"https:\\\/\\\/www.facebook.com\\\/RPConsulting\\\/\",\"https:\\\/\\\/www.instagram.com\\\/rpconsulting.pl\\\/\",\"https:\\\/\\\/pl.linkedin.com\\\/company\\\/rp-consulting-rpc\",\"https:\\\/\\\/www.youtube.com\\\/@RPCONSULTING-b2b\"],\"url\":\"https:\\\/\\\/inteligentny-rozwoj.com.pl\\\/index.php\\\/author\\\/rpconsulting\\\/\"}]}<\/script>\n<!-- \/ Yoast SEO plugin. -->","yoast_head_json":{"title":"Dzia\u0142anie 3.2 Internacjonalizacja M\u015aP - RPO wojew\u00f3dztwa mazowieckiego","description":"Dzia\u0142anie 3.2 Internacjonalizacja M\u015aP - Regionalny Program Operacyjny Wojew\u00f3dztwa Mazowieckiego 2014-2020 (RPO WM 2014-2020) - wspiera internacjonalizacj\u0119.","robots":{"index":"index","follow":"follow","max-snippet":"max-snippet:-1","max-image-preview":"max-image-preview:large","max-video-preview":"max-video-preview:-1"},"canonical":"https:\/\/inteligentny-rozwoj.com.pl\/index.php\/fundusze-europejskie-2014-2020\/regionalne-programy-operacyjne-2014-2020-rpo-2014-2020\/regionalny-program-operacyjny-wojewodztwa-mazowieckiego-na-lata-2014-2020\/dzialanie-3-2-internacjonalizacja-msp\/","og_locale":"pl_PL","og_type":"article","og_title":"Dzia\u0142anie 3.2 Internacjonalizacja M\u015aP - RPO wojew\u00f3dztwa mazowieckiego","og_description":"Dzia\u0142anie 3.2 Internacjonalizacja M\u015aP - Regionalny Program Operacyjny Wojew\u00f3dztwa Mazowieckiego 2014-2020 (RPO WM 2014-2020) - wspiera internacjonalizacj\u0119.","og_url":"https:\/\/inteligentny-rozwoj.com.pl\/index.php\/fundusze-europejskie-2014-2020\/regionalne-programy-operacyjne-2014-2020-rpo-2014-2020\/regionalny-program-operacyjny-wojewodztwa-mazowieckiego-na-lata-2014-2020\/dzialanie-3-2-internacjonalizacja-msp\/","og_site_name":"RP CONSULTING Rafa\u0142 Pasterczyk | marketing B2B, eksport, dotacje UE","article_publisher":"https:\/\/www.facebook.com\/RPConsulting","article_modified_time":"2016-05-31T09:42:24+00:00","og_image":[{"width":350,"height":300,"url":"https:\/\/inteligentny-rozwoj.com.pl\/wp-content\/uploads\/2021\/06\/rpc_logo_sq.png","type":"image\/png"}],"twitter_card":"summary_large_image","twitter_site":"@rp_consulting","twitter_misc":{"Szacowany czas czytania":"2 minuty"},"schema":{"@context":"https:\/\/schema.org","@graph":[{"@type":"Article","@id":"https:\/\/inteligentny-rozwoj.com.pl\/index.php\/fundusze-europejskie-2014-2020\/regionalne-programy-operacyjne-2014-2020-rpo-2014-2020\/regionalny-program-operacyjny-wojewodztwa-mazowieckiego-na-lata-2014-2020\/dzialanie-3-2-internacjonalizacja-msp\/#article","isPartOf":{"@id":"https:\/\/inteligentny-rozwoj.com.pl\/index.php\/fundusze-europejskie-2014-2020\/regionalne-programy-operacyjne-2014-2020-rpo-2014-2020\/regionalny-program-operacyjny-wojewodztwa-mazowieckiego-na-lata-2014-2020\/dzialanie-3-2-internacjonalizacja-msp\/"},"author":{"name":"RP CONSULTING Rafa\u0142 Pasterczyk","@id":"https:\/\/inteligentny-rozwoj.com.pl\/#\/schema\/person\/781a467e5e331ce384632759ecdba772"},"headline":"Dzia\u0142anie 3.2 Internacjonalizacja M\u015aP","datePublished":"2015-07-15T10:18:02+00:00","dateModified":"2016-05-31T09:42:24+00:00","mainEntityOfPage":{"@id":"https:\/\/inteligentny-rozwoj.com.pl\/index.php\/fundusze-europejskie-2014-2020\/regionalne-programy-operacyjne-2014-2020-rpo-2014-2020\/regionalny-program-operacyjny-wojewodztwa-mazowieckiego-na-lata-2014-2020\/dzialanie-3-2-internacjonalizacja-msp\/"},"wordCount":385,"publisher":{"@id":"https:\/\/inteligentny-rozwoj.com.pl\/#organization"},"inLanguage":"pl-PL"},{"@type":"WebPage","@id":"https:\/\/inteligentny-rozwoj.com.pl\/index.php\/fundusze-europejskie-2014-2020\/regionalne-programy-operacyjne-2014-2020-rpo-2014-2020\/regionalny-program-operacyjny-wojewodztwa-mazowieckiego-na-lata-2014-2020\/dzialanie-3-2-internacjonalizacja-msp\/","url":"https:\/\/inteligentny-rozwoj.com.pl\/index.php\/fundusze-europejskie-2014-2020\/regionalne-programy-operacyjne-2014-2020-rpo-2014-2020\/regionalny-program-operacyjny-wojewodztwa-mazowieckiego-na-lata-2014-2020\/dzialanie-3-2-internacjonalizacja-msp\/","name":"Dzia\u0142anie 3.2 Internacjonalizacja M\u015aP - RPO wojew\u00f3dztwa mazowieckiego","isPartOf":{"@id":"https:\/\/inteligentny-rozwoj.com.pl\/#website"},"datePublished":"2015-07-15T10:18:02+00:00","dateModified":"2016-05-31T09:42:24+00:00","description":"Dzia\u0142anie 3.2 Internacjonalizacja M\u015aP - Regionalny Program Operacyjny Wojew\u00f3dztwa Mazowieckiego 2014-2020 (RPO WM 2014-2020) - wspiera internacjonalizacj\u0119.","breadcrumb":{"@id":"https:\/\/inteligentny-rozwoj.com.pl\/index.php\/fundusze-europejskie-2014-2020\/regionalne-programy-operacyjne-2014-2020-rpo-2014-2020\/regionalny-program-operacyjny-wojewodztwa-mazowieckiego-na-lata-2014-2020\/dzialanie-3-2-internacjonalizacja-msp\/#breadcrumb"},"inLanguage":"pl-PL","potentialAction":[{"@type":"ReadAction","target":["https:\/\/inteligentny-rozwoj.com.pl\/index.php\/fundusze-europejskie-2014-2020\/regionalne-programy-operacyjne-2014-2020-rpo-2014-2020\/regionalny-program-operacyjny-wojewodztwa-mazowieckiego-na-lata-2014-2020\/dzialanie-3-2-internacjonalizacja-msp\/"]}]},{"@type":"BreadcrumbList","@id":"https:\/\/inteligentny-rozwoj.com.pl\/index.php\/fundusze-europejskie-2014-2020\/regionalne-programy-operacyjne-2014-2020-rpo-2014-2020\/regionalny-program-operacyjny-wojewodztwa-mazowieckiego-na-lata-2014-2020\/dzialanie-3-2-internacjonalizacja-msp\/#breadcrumb","itemListElement":[{"@type":"ListItem","position":1,"name":"Fundusze 2014-2020","item":"https:\/\/inteligentny-rozwoj.com.pl\/index.php\/fundusze-europejskie-2014-2020\/"},{"@type":"ListItem","position":2,"name":"RPO 2014-2020","item":"https:\/\/inteligentny-rozwoj.com.pl\/index.php\/fundusze-europejskie-2014-2020\/regionalne-programy-operacyjne-2014-2020-rpo-2014-2020\/"},{"@type":"ListItem","position":3,"name":"RPO Mazowieckie","item":"https:\/\/inteligentny-rozwoj.com.pl\/index.php\/fundusze-europejskie-2014-2020\/regionalne-programy-operacyjne-2014-2020-rpo-2014-2020\/regionalny-program-operacyjny-wojewodztwa-mazowieckiego-na-lata-2014-2020\/"},{"@type":"ListItem","position":4,"name":"Dzia\u0142anie 3.2 Internacjonalizacja M\u015aP"}]},{"@type":"WebSite","@id":"https:\/\/inteligentny-rozwoj.com.pl\/#website","url":"https:\/\/inteligentny-rozwoj.com.pl\/","name":"RP CONSULTING Rafa\u0142 Pasterczyk | marketing B2B, eksport, dotacje UE","description":"Tw\u00f3j partner w rozwoju biznesu - skuteczne doradztwo w marketingu B2B, rozwoju eksportu i pozyskiwaniu dotacji","publisher":{"@id":"https:\/\/inteligentny-rozwoj.com.pl\/#organization"},"alternateName":"Rafa\u0142 Pasterczyk RP CONSULTING","potentialAction":[{"@type":"SearchAction","target":{"@type":"EntryPoint","urlTemplate":"https:\/\/inteligentny-rozwoj.com.pl\/?s={search_term_string}"},"query-input":{"@type":"PropertyValueSpecification","valueRequired":true,"valueName":"search_term_string"}}],"inLanguage":"pl-PL"},{"@type":"Organization","@id":"https:\/\/inteligentny-rozwoj.com.pl\/#organization","name":"RP CONSULTING Rafa\u0142 Pasterczyk","alternateName":"Rafa\u0142 Pasterczyk RP CONSULTING","url":"https:\/\/inteligentny-rozwoj.com.pl\/","logo":{"@type":"ImageObject","inLanguage":"pl-PL","@id":"https:\/\/inteligentny-rozwoj.com.pl\/#\/schema\/logo\/image\/","url":"https:\/\/inteligentny-rozwoj.com.pl\/wp-content\/uploads\/2019\/01\/cropped-rpc_logo_sq-e1546996617786.png","contentUrl":"https:\/\/inteligentny-rozwoj.com.pl\/wp-content\/uploads\/2019\/01\/cropped-rpc_logo_sq-e1546996617786.png","width":512,"height":512,"caption":"RP CONSULTING Rafa\u0142 Pasterczyk"},"image":{"@id":"https:\/\/inteligentny-rozwoj.com.pl\/#\/schema\/logo\/image\/"},"sameAs":["https:\/\/www.facebook.com\/RPConsulting","https:\/\/x.com\/rp_consulting","https:\/\/www.instagram.com\/rpconsulting.pl\/","https:\/\/pl.linkedin.com\/company\/rp-consulting-rpc","https:\/\/www.linkedin.com\/in\/rafal-pasterczyk\/"]},{"@type":"Person","@id":"https:\/\/inteligentny-rozwoj.com.pl\/#\/schema\/person\/781a467e5e331ce384632759ecdba772","name":"RP CONSULTING Rafa\u0142 Pasterczyk","image":{"@type":"ImageObject","inLanguage":"pl-PL","@id":"https:\/\/secure.gravatar.com\/avatar\/fde501377d5b06ef1fb158c1ea34fe2defd80fd9526b2263a81456023558c240?s=96&d=mm&r=g","url":"https:\/\/secure.gravatar.com\/avatar\/fde501377d5b06ef1fb158c1ea34fe2defd80fd9526b2263a81456023558c240?s=96&d=mm&r=g","contentUrl":"https:\/\/secure.gravatar.com\/avatar\/fde501377d5b06ef1fb158c1ea34fe2defd80fd9526b2263a81456023558c240?s=96&d=mm&r=g","caption":"RP CONSULTING Rafa\u0142 Pasterczyk"},"description":"Doradztwo biznesowe i outsourcing - us\u0142ugi doradcze w zakresie marketingu B2B, rozwoju eksportu oraz pozyskiwanie i rozliczanie dotacji na rozw\u00f3j eksportu i cyfryzacj\u0119. Ponad 100 skutecznie zrealizowanych projekt\u00f3w. Wiele z nich \u0142\u0105czy doradztwo w zakresie strategii internacjonalizacji ze skutecznym pozyskaniem dofinansowania na dzia\u0142ania na rynkach zagranicznych.","sameAs":["https:\/\/inteligentny-rozwoj.com.pl\/","https:\/\/www.facebook.com\/RPConsulting\/","https:\/\/www.instagram.com\/rpconsulting.pl\/","https:\/\/pl.linkedin.com\/company\/rp-consulting-rpc","https:\/\/www.youtube.com\/@RPCONSULTING-b2b"],"url":"https:\/\/inteligentny-rozwoj.com.pl\/index.php\/author\/rpconsulting\/"}]}},"uagb_featured_image_src":{"full":false,"thumbnail":false,"medium":false,"medium_large":false,"large":false,"1536x1536":false,"2048x2048":false,"post-thumbnail":false,"sow-carousel-default":false,"sow-blog-portfolio":false,"sow-blog-grid":false,"sow-blog-alternate":false},"uagb_author_info":{"display_name":"RP CONSULTING Rafa\u0142 Pasterczyk","author_link":"https:\/\/inteligentny-rozwoj.com.pl\/index.php\/author\/rpconsulting\/"},"uagb_comment_info":0,"uagb_excerpt":"Dzia&#322;anie 3.2 Internacjonalizacja M&#346;P &ndash; Regionalny Program Operacyjny Wojew&oacute;dztwa Mazowieckiego 2014-2020 (RPO WM 2014-2020). Cel szczeg&oacute;&#322;owy realizowany poprzez Dzia&#322;anie 3.2 Internacjonalizacja M&#346;P: Zwi&#281;kszony poziom handlu zagranicznego sektora M&#346;P Dzia&#322;anie realizowane b&#281;dzie poprzez 2 poddzia&#322;ania: Poddzia&#322;anie 3.2.1 Modele biznesowe w ramach ZIT Poddzia&#322;anie 3.2.2 Internacjonalizacja przedsi&#281;biorstw &ndash; typ projekt&oacute;w &bdquo;Internacjonalizacja przedsi&#281;biorstw poprzez wzrost eksportu towar&oacute;w i&hellip;","_links":{"self":[{"href":"https:\/\/inteligentny-rozwoj.com.pl\/index.php\/wp-json\/wp\/v2\/pages\/1172","targetHints":{"allow":["GET"]}}],"collection":[{"href":"https:\/\/inteligentny-rozwoj.com.pl\/index.php\/wp-json\/wp\/v2\/pages"}],"about":[{"href":"https:\/\/inteligentny-rozwoj.com.pl\/index.php\/wp-json\/wp\/v2\/types\/page"}],"author":[{"embeddable":true,"href":"https:\/\/inteligentny-rozwoj.com.pl\/index.php\/wp-json\/wp\/v2\/users\/1"}],"replies":[{"embeddable":true,"href":"https:\/\/inteligentny-rozwoj.com.pl\/index.php\/wp-json\/wp\/v2\/comments?post=1172"}],"version-history":[{"count":5,"href":"https:\/\/inteligentny-rozwoj.com.pl\/index.php\/wp-json\/wp\/v2\/pages\/1172\/revisions"}],"predecessor-version":[{"id":2465,"href":"https:\/\/inteligentny-rozwoj.com.pl\/index.php\/wp-json\/wp\/v2\/pages\/1172\/revisions\/2465"}],"up":[{"embeddable":true,"href":"https:\/\/inteligentny-rozwoj.com.pl\/index.php\/wp-json\/wp\/v2\/pages\/897"}],"wp:attachment":[{"href":"https:\/\/inteligentny-rozwoj.com.pl\/index.php\/wp-json\/wp\/v2\/media?parent=1172"}],"curies":[{"name":"wp","href":"https:\/\/api.w.org\/{rel}","templated":true}]}}