{"id":504,"date":"2014-09-29T13:49:21","date_gmt":"2014-09-29T11:49:21","guid":{"rendered":"https:\/\/inteligentny-rozwoj.com.pl\/?page_id=504"},"modified":"2014-10-02T13:14:58","modified_gmt":"2014-10-02T11:14:58","slug":"regionalna-polityka-energetyczna","status":"publish","type":"page","link":"https:\/\/inteligentny-rozwoj.com.pl\/index.php\/fundusze-europejskie-2014-2020\/mrpo-2014-2020\/regionalna-polityka-energetyczna\/","title":{"rendered":"4. Regionalna Polityka Energ."},"content":{"rendered":"<h3 style=\"text-align: justify;\">MRPO 2014-2020 \u2013 O\u015b priorytetowa 4 \u2013 Regionalna Polityka Energetyczna<\/h3>\n<p style=\"text-align: justify;\">Celem g\u0142\u00f3wnym osi priorytetowej 4. Regionalna Polityka Energetyczna Ma\u0142opolskiego Regionalnego Programu Operacyjnego 2014-2020 jest stworzenie warunk\u00f3w do zr\u00f3wnowa\u017conego rozwoju w regionie uwzgl\u0119dniaj\u0105cego aspekty nowoczesnego sektora energetycznego oraz sektora transportu miejskiego, celem zapewnienia bezpiecze\u0144stwa energetycznego mieszka\u0144c\u00f3w regionu oraz poprawy jako\u015bci ich \u017cycia, z uwzgl\u0119dnieniem zasad ochrony \u015brodowiska.<\/p>\n<p style=\"text-align: justify;\">O\u015b priorytetowa\u00a04. Regionalna Polityka Energetyczna, realizowana w ramach\u00a0Regionalnego Programu Operacyjnego Wojew\u00f3dztwa Ma\u0142opolskiego na lata 2014-2020, przewiduje do realizacji nast\u0119puj\u0105ce dzia\u0142ania:<\/p>\n<p style=\"text-align: justify;\">DZIA\u0141ANIE 4.1 ZWI\u0118KSZENIE WYKORZYSTANIA ODNAWIALNYCH \u0179R\u00d3DE\u0141 ENERGII<\/p>\n<p style=\"text-align: justify; padding-left: 30px;\">Poddzia\u0142anie 4.1.1 Rozw\u00f3j infrastruktury produkcji energii ze \u017ar\u00f3de\u0142 odnawialnych:<br \/>\nInwestycje w zakresie instalacji wytwarzania energii ze \u017ar\u00f3de\u0142 odnawialnych<\/p>\n<p style=\"text-align: justify; padding-left: 30px;\">Poddzia\u0142anie 4.1.2 Rozw\u00f3j infrastruktury dystrybucji energii ze \u017ar\u00f3de\u0142 odnawialnych:<br \/>\nBudowa, rozbudowa i modernizacja sieci dystrybucyjnych<\/p>\n<p style=\"text-align: justify;\">DZIA\u0141ANIE 4.2 POPRAWA EFEKTYWNO\u015aCI ENERGETYCZNEJ W PRZEDSI\u0118BIORSTWACH &#8211; EkoPrzedsi\u0119biorstwa:<\/p>\n<p style=\"text-align: justify; padding-left: 30px;\">Poddzia\u0142anie 4.2.1 Wsparcie sektora przemys\u0142u dla odnawialnych \u017ar\u00f3de\u0142 energii (PI 4.1):<br \/>\n1. Inwestycje w zak\u0142ady dostarczaj\u0105ce urz\u0105dzenia niezb\u0119dne do produkcji energii z OZE<br \/>\n2. Budowa instalacji do produkcji biokomponent\u00f3w i biopaliw<\/p>\n<p style=\"text-align: justify; padding-left: 30px;\">Poddzia\u0142anie 4.2.2 Poprawa efektywno\u015bci energetycznej i wzrost wykorzystania OZE w M\u015aP (PI 4.2):<br \/>\n1. Kompleksowa termomodernizacja budynk\u00f3w<br \/>\n2. Inwestycje w zakresie instalacji wytwarzania energii ze \u017ar\u00f3de\u0142 odnawialnych, w tym r\u00f3wnie\u017c kogeneracji (na u\u017cytek w\u0142asny jak r\u00f3wnie\u017c na sprzeda\u017c do sieci)<br \/>\n3. Kompleksowy projekt obejmuj\u0105cy:<br \/>\na) termomodernizacj\u0119 budynk\u00f3w<br \/>\nb) inwestycje w zakresie instalacji wytwarzania energii ze \u017ar\u00f3de\u0142 odnawialnych, w tym r\u00f3wnie\u017c kogeneracji (z wy\u0142\u0105czeniem wysokosprawnej kogeneracji)<br \/>\n4. Wdro\u017cenie energooszcz\u0119dnych technologii produkcji (np. zamiana technologii, wymiana maszyn, modernizacja \u015brodk\u00f3w produkcji, modernizacja i rozbudowa linii produkcyjnych na bardziej efektywne energetycznie, wprowadzenie system\u00f3w zarz\u0105dzania energi\u0105) \u2013 wy\u0142\u0105cznie jako element projektu 1, 2 lub 3.<\/p>\n<p style=\"text-align: justify;\">DZIA\u0141ANIE 4.3 POPRAWA EFEKTYWNO\u015aCI ENERGETYCZNEJ W SEKTORZE PUBLICZNYM I MIESZKANIOWYM<\/p>\n<p style=\"text-align: justify; padding-left: 30px;\">Poddzia\u0142anie 4.3.1 Termomodernizacja budynk\u00f3w u\u017cyteczno\u015bci publicznej i wielorodzinnych mieszkaniowych<br \/>\n1. Kompleksowa termomodernizacja budynk\u00f3w u\u017cyteczno\u015bci publicznej wraz z wymian\u0105 \u017ar\u00f3de\u0142 ciep\u0142a, w tym przy zastosowaniu OZE (jako elementu projektu, z obowi\u0105zkowym wykazaniem w bilansie energetycznym wykorzystania energii ze \u017ar\u00f3de\u0142a odnawialnego np. bilans zapotrzebowania na ciep\u0142\u0105 wod\u0119 u\u017cytkow\u0105 przy instalowaniu kolektor\u00f3w s\u0142onecznych w szko\u0142ach)<br \/>\n2. Kompleksowa termomodernizacja budynk\u00f3w wielorodzinnych mieszkaniowych wraz z wymian\u0105 \u017ar\u00f3de\u0142 ciep\u0142a, w tym przy zastosowaniu OZE (jako elementu projektu)<\/p>\n<p style=\"text-align: justify; padding-left: 30px;\">Poddzia\u0142anie 4.3.2 Rozw\u00f3j budownictwa energooszcz\u0119dnego<br \/>\n1. Projekty demonstracyjne, modelowe, promocyjne z zakresu wspierania budownictwa energooszcz\u0119dnego oraz pasywnego<\/p>\n<p style=\"text-align: justify; padding-left: 30px;\">Zakres prac, kt\u00f3re mog\u0105 by\u0107 elementem kompleksowego projektu termomodernizacji, np.:<\/p>\n<blockquote>\n<ul>\n<li>ocieplenie obiektu, wymiana okien, drzwi zewn\u0119trznych oraz o\u015bwietlenia na energooszcz\u0119dne;<\/li>\n<li>przebudowa system\u00f3w grzewczych (wraz z wymian\u0105 i przy\u0142\u0105czeniem \u017ar\u00f3d\u0142a ciep\u0142a), system\u00f3w wentylacji i klimatyzacji,<\/li>\n<li>zastosowanie automatyki pogodowej i system\u00f3w zarz\u0105dzania budynkiem;<\/li>\n<li>budowa lub modernizacja wewn\u0119trznych instalacji odbiorczych oraz likwidacja dotychczasowych \u017ar\u00f3de\u0142 ciep\u0142a;<\/li>\n<li>instalacja mikrogeneracji lub mikrotrigeneracji na potrzeby w\u0142asne,<\/li>\n<li>wykorzystanie technologii OZE w budynkach;<\/li>\n<\/ul>\n<\/blockquote>\n<p style=\"text-align: justify;\">DZIA\u0141ANIE 4.4 REDUKCJA EMISJI ZANIECZYSZCZE\u0143 DO POWIETRZA<\/p>\n<p style=\"text-align: justify;\">DZIA\u0141ANIE 4.5 TRANSPORT MIEJSKI<\/p>\n","protected":false},"excerpt":{"rendered":"<p>MRPO 2014-2020 &ndash; O&#347; priorytetowa 4 &ndash; Regionalna Polityka Energetyczna Celem g&#322;&oacute;wnym osi priorytetowej 4. Regionalna Polityka Energetyczna Ma&#322;opolskiego Regionalnego Programu Operacyjnego 2014-2020 jest stworzenie warunk&oacute;w do zr&oacute;wnowa&#380;onego rozwoju w regionie uwzgl&#281;dniaj&#261;cego aspekty nowoczesnego sektora energetycznego oraz sektora transportu miejskiego, celem zapewnienia bezpiecze&#324;stwa energetycznego mieszka&#324;c&oacute;w regionu oraz poprawy jako&#347;ci ich &#380;ycia, z uwzgl&#281;dnieniem zasad ochrony [&hellip;]<\/p>\n","protected":false},"author":1,"featured_media":0,"parent":493,"menu_order":4,"comment_status":"closed","ping_status":"closed","template":"","meta":{"_crdt_document":"","content-type":"","_uag_custom_page_level_css":"","footnotes":""},"class_list":["post-504","page","type-page","status-publish","hentry"],"yoast_head":"<!-- This site is optimized with the Yoast SEO plugin v27.3 - https:\/\/yoast.com\/product\/yoast-seo-wordpress\/ -->\n<title>Regionalna Polityka Energetyczna - MRPO 2014-2020 - Ma\u0142opolski RPO<\/title>\n<meta name=\"description\" content=\"Regionalna Polityka Energetyczna - MRPO 2014-2020 - ma na celu stworzenie warunk\u00f3w do zr\u00f3wnowa\u017conego rozwoju w regionie i zapewnienia bezpiecze\u0144stwa energetycznego.\" \/>\n<meta name=\"robots\" content=\"index, follow, max-snippet:-1, max-image-preview:large, max-video-preview:-1\" \/>\n<link rel=\"canonical\" href=\"https:\/\/inteligentny-rozwoj.com.pl\/index.php\/fundusze-europejskie-2014-2020\/mrpo-2014-2020\/regionalna-polityka-energetyczna\/\" \/>\n<meta property=\"og:locale\" content=\"pl_PL\" \/>\n<meta property=\"og:type\" content=\"article\" \/>\n<meta property=\"og:title\" content=\"Regionalna Polityka Energetyczna - MRPO 2014-2020 - Ma\u0142opolski RPO\" \/>\n<meta property=\"og:description\" content=\"Regionalna Polityka Energetyczna - MRPO 2014-2020 - ma na celu stworzenie warunk\u00f3w do zr\u00f3wnowa\u017conego rozwoju w regionie i zapewnienia bezpiecze\u0144stwa energetycznego.\" \/>\n<meta property=\"og:url\" content=\"https:\/\/inteligentny-rozwoj.com.pl\/index.php\/fundusze-europejskie-2014-2020\/mrpo-2014-2020\/regionalna-polityka-energetyczna\/\" \/>\n<meta property=\"og:site_name\" content=\"RP CONSULTING Rafa\u0142 Pasterczyk | marketing B2B, eksport, dotacje UE\" \/>\n<meta property=\"article:publisher\" content=\"https:\/\/www.facebook.com\/RPConsulting\" \/>\n<meta property=\"article:modified_time\" content=\"2014-10-02T11:14:58+00:00\" \/>\n<meta property=\"og:image\" content=\"https:\/\/inteligentny-rozwoj.com.pl\/wp-content\/uploads\/2021\/06\/rpc_logo_sq.png\" \/>\n\t<meta property=\"og:image:width\" content=\"350\" \/>\n\t<meta property=\"og:image:height\" content=\"300\" \/>\n\t<meta property=\"og:image:type\" content=\"image\/png\" \/>\n<meta name=\"twitter:card\" content=\"summary_large_image\" \/>\n<meta name=\"twitter:site\" content=\"@rp_consulting\" \/>\n<meta name=\"twitter:label1\" content=\"Szacowany czas czytania\" \/>\n\t<meta name=\"twitter:data1\" content=\"3 minuty\" \/>\n<script type=\"application\/ld+json\" class=\"yoast-schema-graph\">{\"@context\":\"https:\\\/\\\/schema.org\",\"@graph\":[{\"@type\":\"Article\",\"@id\":\"https:\\\/\\\/inteligentny-rozwoj.com.pl\\\/index.php\\\/fundusze-europejskie-2014-2020\\\/mrpo-2014-2020\\\/regionalna-polityka-energetyczna\\\/#article\",\"isPartOf\":{\"@id\":\"https:\\\/\\\/inteligentny-rozwoj.com.pl\\\/index.php\\\/fundusze-europejskie-2014-2020\\\/mrpo-2014-2020\\\/regionalna-polityka-energetyczna\\\/\"},\"author\":{\"name\":\"RP CONSULTING Rafa\u0142 Pasterczyk\",\"@id\":\"https:\\\/\\\/inteligentny-rozwoj.com.pl\\\/#\\\/schema\\\/person\\\/781a467e5e331ce384632759ecdba772\"},\"headline\":\"4. Regionalna Polityka Energ.\",\"datePublished\":\"2014-09-29T11:49:21+00:00\",\"dateModified\":\"2014-10-02T11:14:58+00:00\",\"mainEntityOfPage\":{\"@id\":\"https:\\\/\\\/inteligentny-rozwoj.com.pl\\\/index.php\\\/fundusze-europejskie-2014-2020\\\/mrpo-2014-2020\\\/regionalna-polityka-energetyczna\\\/\"},\"wordCount\":505,\"publisher\":{\"@id\":\"https:\\\/\\\/inteligentny-rozwoj.com.pl\\\/#organization\"},\"inLanguage\":\"pl-PL\"},{\"@type\":\"WebPage\",\"@id\":\"https:\\\/\\\/inteligentny-rozwoj.com.pl\\\/index.php\\\/fundusze-europejskie-2014-2020\\\/mrpo-2014-2020\\\/regionalna-polityka-energetyczna\\\/\",\"url\":\"https:\\\/\\\/inteligentny-rozwoj.com.pl\\\/index.php\\\/fundusze-europejskie-2014-2020\\\/mrpo-2014-2020\\\/regionalna-polityka-energetyczna\\\/\",\"name\":\"Regionalna Polityka Energetyczna - MRPO 2014-2020 - Ma\u0142opolski RPO\",\"isPartOf\":{\"@id\":\"https:\\\/\\\/inteligentny-rozwoj.com.pl\\\/#website\"},\"datePublished\":\"2014-09-29T11:49:21+00:00\",\"dateModified\":\"2014-10-02T11:14:58+00:00\",\"description\":\"Regionalna Polityka Energetyczna - MRPO 2014-2020 - ma na celu stworzenie warunk\u00f3w do zr\u00f3wnowa\u017conego rozwoju w regionie i zapewnienia bezpiecze\u0144stwa energetycznego.\",\"breadcrumb\":{\"@id\":\"https:\\\/\\\/inteligentny-rozwoj.com.pl\\\/index.php\\\/fundusze-europejskie-2014-2020\\\/mrpo-2014-2020\\\/regionalna-polityka-energetyczna\\\/#breadcrumb\"},\"inLanguage\":\"pl-PL\",\"potentialAction\":[{\"@type\":\"ReadAction\",\"target\":[\"https:\\\/\\\/inteligentny-rozwoj.com.pl\\\/index.php\\\/fundusze-europejskie-2014-2020\\\/mrpo-2014-2020\\\/regionalna-polityka-energetyczna\\\/\"]}]},{\"@type\":\"BreadcrumbList\",\"@id\":\"https:\\\/\\\/inteligentny-rozwoj.com.pl\\\/index.php\\\/fundusze-europejskie-2014-2020\\\/mrpo-2014-2020\\\/regionalna-polityka-energetyczna\\\/#breadcrumb\",\"itemListElement\":[{\"@type\":\"ListItem\",\"position\":1,\"name\":\"Fundusze 2014-2020\",\"item\":\"https:\\\/\\\/inteligentny-rozwoj.com.pl\\\/index.php\\\/fundusze-europejskie-2014-2020\\\/\"},{\"@type\":\"ListItem\",\"position\":2,\"name\":\"RPO WM 2014-2020\",\"item\":\"https:\\\/\\\/inteligentny-rozwoj.com.pl\\\/index.php\\\/fundusze-europejskie-2014-2020\\\/mrpo-2014-2020\\\/\"},{\"@type\":\"ListItem\",\"position\":3,\"name\":\"4. Regionalna Polityka Energ.\"}]},{\"@type\":\"WebSite\",\"@id\":\"https:\\\/\\\/inteligentny-rozwoj.com.pl\\\/#website\",\"url\":\"https:\\\/\\\/inteligentny-rozwoj.com.pl\\\/\",\"name\":\"RP CONSULTING Rafa\u0142 Pasterczyk | marketing B2B, eksport, dotacje UE\",\"description\":\"Tw\u00f3j partner w rozwoju biznesu - skuteczne doradztwo w marketingu B2B, rozwoju eksportu i pozyskiwaniu dotacji\",\"publisher\":{\"@id\":\"https:\\\/\\\/inteligentny-rozwoj.com.pl\\\/#organization\"},\"alternateName\":\"Rafa\u0142 Pasterczyk RP CONSULTING\",\"potentialAction\":[{\"@type\":\"SearchAction\",\"target\":{\"@type\":\"EntryPoint\",\"urlTemplate\":\"https:\\\/\\\/inteligentny-rozwoj.com.pl\\\/?s={search_term_string}\"},\"query-input\":{\"@type\":\"PropertyValueSpecification\",\"valueRequired\":true,\"valueName\":\"search_term_string\"}}],\"inLanguage\":\"pl-PL\"},{\"@type\":\"Organization\",\"@id\":\"https:\\\/\\\/inteligentny-rozwoj.com.pl\\\/#organization\",\"name\":\"RP CONSULTING Rafa\u0142 Pasterczyk\",\"alternateName\":\"Rafa\u0142 Pasterczyk RP CONSULTING\",\"url\":\"https:\\\/\\\/inteligentny-rozwoj.com.pl\\\/\",\"logo\":{\"@type\":\"ImageObject\",\"inLanguage\":\"pl-PL\",\"@id\":\"https:\\\/\\\/inteligentny-rozwoj.com.pl\\\/#\\\/schema\\\/logo\\\/image\\\/\",\"url\":\"https:\\\/\\\/inteligentny-rozwoj.com.pl\\\/wp-content\\\/uploads\\\/2019\\\/01\\\/cropped-rpc_logo_sq-e1546996617786.png\",\"contentUrl\":\"https:\\\/\\\/inteligentny-rozwoj.com.pl\\\/wp-content\\\/uploads\\\/2019\\\/01\\\/cropped-rpc_logo_sq-e1546996617786.png\",\"width\":512,\"height\":512,\"caption\":\"RP CONSULTING Rafa\u0142 Pasterczyk\"},\"image\":{\"@id\":\"https:\\\/\\\/inteligentny-rozwoj.com.pl\\\/#\\\/schema\\\/logo\\\/image\\\/\"},\"sameAs\":[\"https:\\\/\\\/www.facebook.com\\\/RPConsulting\",\"https:\\\/\\\/x.com\\\/rp_consulting\",\"https:\\\/\\\/www.instagram.com\\\/rpconsulting.pl\\\/\",\"https:\\\/\\\/pl.linkedin.com\\\/company\\\/rp-consulting-rpc\",\"https:\\\/\\\/www.linkedin.com\\\/in\\\/rafal-pasterczyk\\\/\"]},{\"@type\":\"Person\",\"@id\":\"https:\\\/\\\/inteligentny-rozwoj.com.pl\\\/#\\\/schema\\\/person\\\/781a467e5e331ce384632759ecdba772\",\"name\":\"RP CONSULTING Rafa\u0142 Pasterczyk\",\"image\":{\"@type\":\"ImageObject\",\"inLanguage\":\"pl-PL\",\"@id\":\"https:\\\/\\\/secure.gravatar.com\\\/avatar\\\/fde501377d5b06ef1fb158c1ea34fe2defd80fd9526b2263a81456023558c240?s=96&d=mm&r=g\",\"url\":\"https:\\\/\\\/secure.gravatar.com\\\/avatar\\\/fde501377d5b06ef1fb158c1ea34fe2defd80fd9526b2263a81456023558c240?s=96&d=mm&r=g\",\"contentUrl\":\"https:\\\/\\\/secure.gravatar.com\\\/avatar\\\/fde501377d5b06ef1fb158c1ea34fe2defd80fd9526b2263a81456023558c240?s=96&d=mm&r=g\",\"caption\":\"RP CONSULTING Rafa\u0142 Pasterczyk\"},\"description\":\"Doradztwo biznesowe, outsourcing i interim management w zakresie marketingu B2B, rozwoju eksportu, a tak\u017ce pozyskiwanie i rozliczanie dotacji na rozw\u00f3j eksportu i cyfryzacj\u0119. Ponad 100 skutecznie zrealizowanych projekt\u00f3w dla M\u015aP. Wiele z nich \u0142\u0105czy doradztwo w zakresie strategii internacjonalizacji ze skutecznym pozyskaniem dofinansowania na dzia\u0142ania na rynkach zagranicznych.\",\"sameAs\":[\"https:\\\/\\\/inteligentny-rozwoj.com.pl\\\/\",\"https:\\\/\\\/www.facebook.com\\\/RPConsulting\\\/\",\"https:\\\/\\\/www.instagram.com\\\/rpconsulting.pl\\\/\",\"https:\\\/\\\/pl.linkedin.com\\\/company\\\/rp-consulting-rpc\",\"https:\\\/\\\/www.youtube.com\\\/@RPCONSULTING-b2b\"],\"url\":\"https:\\\/\\\/inteligentny-rozwoj.com.pl\\\/index.php\\\/author\\\/rpconsulting\\\/\"}]}<\/script>\n<!-- \/ Yoast SEO plugin. -->","yoast_head_json":{"title":"Regionalna Polityka Energetyczna - MRPO 2014-2020 - Ma\u0142opolski RPO","description":"Regionalna Polityka Energetyczna - MRPO 2014-2020 - ma na celu stworzenie warunk\u00f3w do zr\u00f3wnowa\u017conego rozwoju w regionie i zapewnienia bezpiecze\u0144stwa energetycznego.","robots":{"index":"index","follow":"follow","max-snippet":"max-snippet:-1","max-image-preview":"max-image-preview:large","max-video-preview":"max-video-preview:-1"},"canonical":"https:\/\/inteligentny-rozwoj.com.pl\/index.php\/fundusze-europejskie-2014-2020\/mrpo-2014-2020\/regionalna-polityka-energetyczna\/","og_locale":"pl_PL","og_type":"article","og_title":"Regionalna Polityka Energetyczna - MRPO 2014-2020 - Ma\u0142opolski RPO","og_description":"Regionalna Polityka Energetyczna - MRPO 2014-2020 - ma na celu stworzenie warunk\u00f3w do zr\u00f3wnowa\u017conego rozwoju w regionie i zapewnienia bezpiecze\u0144stwa energetycznego.","og_url":"https:\/\/inteligentny-rozwoj.com.pl\/index.php\/fundusze-europejskie-2014-2020\/mrpo-2014-2020\/regionalna-polityka-energetyczna\/","og_site_name":"RP CONSULTING Rafa\u0142 Pasterczyk | marketing B2B, eksport, dotacje UE","article_publisher":"https:\/\/www.facebook.com\/RPConsulting","article_modified_time":"2014-10-02T11:14:58+00:00","og_image":[{"width":350,"height":300,"url":"https:\/\/inteligentny-rozwoj.com.pl\/wp-content\/uploads\/2021\/06\/rpc_logo_sq.png","type":"image\/png"}],"twitter_card":"summary_large_image","twitter_site":"@rp_consulting","twitter_misc":{"Szacowany czas czytania":"3 minuty"},"schema":{"@context":"https:\/\/schema.org","@graph":[{"@type":"Article","@id":"https:\/\/inteligentny-rozwoj.com.pl\/index.php\/fundusze-europejskie-2014-2020\/mrpo-2014-2020\/regionalna-polityka-energetyczna\/#article","isPartOf":{"@id":"https:\/\/inteligentny-rozwoj.com.pl\/index.php\/fundusze-europejskie-2014-2020\/mrpo-2014-2020\/regionalna-polityka-energetyczna\/"},"author":{"name":"RP CONSULTING Rafa\u0142 Pasterczyk","@id":"https:\/\/inteligentny-rozwoj.com.pl\/#\/schema\/person\/781a467e5e331ce384632759ecdba772"},"headline":"4. Regionalna Polityka Energ.","datePublished":"2014-09-29T11:49:21+00:00","dateModified":"2014-10-02T11:14:58+00:00","mainEntityOfPage":{"@id":"https:\/\/inteligentny-rozwoj.com.pl\/index.php\/fundusze-europejskie-2014-2020\/mrpo-2014-2020\/regionalna-polityka-energetyczna\/"},"wordCount":505,"publisher":{"@id":"https:\/\/inteligentny-rozwoj.com.pl\/#organization"},"inLanguage":"pl-PL"},{"@type":"WebPage","@id":"https:\/\/inteligentny-rozwoj.com.pl\/index.php\/fundusze-europejskie-2014-2020\/mrpo-2014-2020\/regionalna-polityka-energetyczna\/","url":"https:\/\/inteligentny-rozwoj.com.pl\/index.php\/fundusze-europejskie-2014-2020\/mrpo-2014-2020\/regionalna-polityka-energetyczna\/","name":"Regionalna Polityka Energetyczna - MRPO 2014-2020 - Ma\u0142opolski RPO","isPartOf":{"@id":"https:\/\/inteligentny-rozwoj.com.pl\/#website"},"datePublished":"2014-09-29T11:49:21+00:00","dateModified":"2014-10-02T11:14:58+00:00","description":"Regionalna Polityka Energetyczna - MRPO 2014-2020 - ma na celu stworzenie warunk\u00f3w do zr\u00f3wnowa\u017conego rozwoju w regionie i zapewnienia bezpiecze\u0144stwa energetycznego.","breadcrumb":{"@id":"https:\/\/inteligentny-rozwoj.com.pl\/index.php\/fundusze-europejskie-2014-2020\/mrpo-2014-2020\/regionalna-polityka-energetyczna\/#breadcrumb"},"inLanguage":"pl-PL","potentialAction":[{"@type":"ReadAction","target":["https:\/\/inteligentny-rozwoj.com.pl\/index.php\/fundusze-europejskie-2014-2020\/mrpo-2014-2020\/regionalna-polityka-energetyczna\/"]}]},{"@type":"BreadcrumbList","@id":"https:\/\/inteligentny-rozwoj.com.pl\/index.php\/fundusze-europejskie-2014-2020\/mrpo-2014-2020\/regionalna-polityka-energetyczna\/#breadcrumb","itemListElement":[{"@type":"ListItem","position":1,"name":"Fundusze 2014-2020","item":"https:\/\/inteligentny-rozwoj.com.pl\/index.php\/fundusze-europejskie-2014-2020\/"},{"@type":"ListItem","position":2,"name":"RPO WM 2014-2020","item":"https:\/\/inteligentny-rozwoj.com.pl\/index.php\/fundusze-europejskie-2014-2020\/mrpo-2014-2020\/"},{"@type":"ListItem","position":3,"name":"4. Regionalna Polityka Energ."}]},{"@type":"WebSite","@id":"https:\/\/inteligentny-rozwoj.com.pl\/#website","url":"https:\/\/inteligentny-rozwoj.com.pl\/","name":"RP CONSULTING Rafa\u0142 Pasterczyk | marketing B2B, eksport, dotacje UE","description":"Tw\u00f3j partner w rozwoju biznesu - skuteczne doradztwo w marketingu B2B, rozwoju eksportu i pozyskiwaniu dotacji","publisher":{"@id":"https:\/\/inteligentny-rozwoj.com.pl\/#organization"},"alternateName":"Rafa\u0142 Pasterczyk RP CONSULTING","potentialAction":[{"@type":"SearchAction","target":{"@type":"EntryPoint","urlTemplate":"https:\/\/inteligentny-rozwoj.com.pl\/?s={search_term_string}"},"query-input":{"@type":"PropertyValueSpecification","valueRequired":true,"valueName":"search_term_string"}}],"inLanguage":"pl-PL"},{"@type":"Organization","@id":"https:\/\/inteligentny-rozwoj.com.pl\/#organization","name":"RP CONSULTING Rafa\u0142 Pasterczyk","alternateName":"Rafa\u0142 Pasterczyk RP CONSULTING","url":"https:\/\/inteligentny-rozwoj.com.pl\/","logo":{"@type":"ImageObject","inLanguage":"pl-PL","@id":"https:\/\/inteligentny-rozwoj.com.pl\/#\/schema\/logo\/image\/","url":"https:\/\/inteligentny-rozwoj.com.pl\/wp-content\/uploads\/2019\/01\/cropped-rpc_logo_sq-e1546996617786.png","contentUrl":"https:\/\/inteligentny-rozwoj.com.pl\/wp-content\/uploads\/2019\/01\/cropped-rpc_logo_sq-e1546996617786.png","width":512,"height":512,"caption":"RP CONSULTING Rafa\u0142 Pasterczyk"},"image":{"@id":"https:\/\/inteligentny-rozwoj.com.pl\/#\/schema\/logo\/image\/"},"sameAs":["https:\/\/www.facebook.com\/RPConsulting","https:\/\/x.com\/rp_consulting","https:\/\/www.instagram.com\/rpconsulting.pl\/","https:\/\/pl.linkedin.com\/company\/rp-consulting-rpc","https:\/\/www.linkedin.com\/in\/rafal-pasterczyk\/"]},{"@type":"Person","@id":"https:\/\/inteligentny-rozwoj.com.pl\/#\/schema\/person\/781a467e5e331ce384632759ecdba772","name":"RP CONSULTING Rafa\u0142 Pasterczyk","image":{"@type":"ImageObject","inLanguage":"pl-PL","@id":"https:\/\/secure.gravatar.com\/avatar\/fde501377d5b06ef1fb158c1ea34fe2defd80fd9526b2263a81456023558c240?s=96&d=mm&r=g","url":"https:\/\/secure.gravatar.com\/avatar\/fde501377d5b06ef1fb158c1ea34fe2defd80fd9526b2263a81456023558c240?s=96&d=mm&r=g","contentUrl":"https:\/\/secure.gravatar.com\/avatar\/fde501377d5b06ef1fb158c1ea34fe2defd80fd9526b2263a81456023558c240?s=96&d=mm&r=g","caption":"RP CONSULTING Rafa\u0142 Pasterczyk"},"description":"Doradztwo biznesowe, outsourcing i interim management w zakresie marketingu B2B, rozwoju eksportu, a tak\u017ce pozyskiwanie i rozliczanie dotacji na rozw\u00f3j eksportu i cyfryzacj\u0119. Ponad 100 skutecznie zrealizowanych projekt\u00f3w dla M\u015aP. Wiele z nich \u0142\u0105czy doradztwo w zakresie strategii internacjonalizacji ze skutecznym pozyskaniem dofinansowania na dzia\u0142ania na rynkach zagranicznych.","sameAs":["https:\/\/inteligentny-rozwoj.com.pl\/","https:\/\/www.facebook.com\/RPConsulting\/","https:\/\/www.instagram.com\/rpconsulting.pl\/","https:\/\/pl.linkedin.com\/company\/rp-consulting-rpc","https:\/\/www.youtube.com\/@RPCONSULTING-b2b"],"url":"https:\/\/inteligentny-rozwoj.com.pl\/index.php\/author\/rpconsulting\/"}]}},"uagb_featured_image_src":{"full":false,"thumbnail":false,"medium":false,"medium_large":false,"large":false,"1536x1536":false,"2048x2048":false,"post-thumbnail":false,"sow-carousel-default":false,"sow-blog-portfolio":false,"sow-blog-grid":false,"sow-blog-alternate":false},"uagb_author_info":{"display_name":"RP CONSULTING Rafa\u0142 Pasterczyk","author_link":"https:\/\/inteligentny-rozwoj.com.pl\/index.php\/author\/rpconsulting\/"},"uagb_comment_info":0,"uagb_excerpt":"MRPO 2014-2020 &ndash; O&#347; priorytetowa 4 &ndash; Regionalna Polityka Energetyczna Celem g&#322;&oacute;wnym osi priorytetowej 4. Regionalna Polityka Energetyczna Ma&#322;opolskiego Regionalnego Programu Operacyjnego 2014-2020 jest stworzenie warunk&oacute;w do zr&oacute;wnowa&#380;onego rozwoju w regionie uwzgl&#281;dniaj&#261;cego aspekty nowoczesnego sektora energetycznego oraz sektora transportu miejskiego, celem zapewnienia bezpiecze&#324;stwa energetycznego mieszka&#324;c&oacute;w regionu oraz poprawy jako&#347;ci ich &#380;ycia, z uwzgl&#281;dnieniem zasad ochrony&hellip;","_links":{"self":[{"href":"https:\/\/inteligentny-rozwoj.com.pl\/index.php\/wp-json\/wp\/v2\/pages\/504","targetHints":{"allow":["GET"]}}],"collection":[{"href":"https:\/\/inteligentny-rozwoj.com.pl\/index.php\/wp-json\/wp\/v2\/pages"}],"about":[{"href":"https:\/\/inteligentny-rozwoj.com.pl\/index.php\/wp-json\/wp\/v2\/types\/page"}],"author":[{"embeddable":true,"href":"https:\/\/inteligentny-rozwoj.com.pl\/index.php\/wp-json\/wp\/v2\/users\/1"}],"replies":[{"embeddable":true,"href":"https:\/\/inteligentny-rozwoj.com.pl\/index.php\/wp-json\/wp\/v2\/comments?post=504"}],"version-history":[{"count":6,"href":"https:\/\/inteligentny-rozwoj.com.pl\/index.php\/wp-json\/wp\/v2\/pages\/504\/revisions"}],"predecessor-version":[{"id":585,"href":"https:\/\/inteligentny-rozwoj.com.pl\/index.php\/wp-json\/wp\/v2\/pages\/504\/revisions\/585"}],"up":[{"embeddable":true,"href":"https:\/\/inteligentny-rozwoj.com.pl\/index.php\/wp-json\/wp\/v2\/pages\/493"}],"wp:attachment":[{"href":"https:\/\/inteligentny-rozwoj.com.pl\/index.php\/wp-json\/wp\/v2\/media?parent=504"}],"curies":[{"name":"wp","href":"https:\/\/api.w.org\/{rel}","templated":true}]}}