{"id":516,"date":"2014-09-29T13:54:32","date_gmt":"2014-09-29T11:54:32","guid":{"rendered":"https:\/\/inteligentny-rozwoj.com.pl\/?page_id=516"},"modified":"2014-10-14T14:17:08","modified_gmt":"2014-10-14T12:17:08","slug":"wiedza-kompetencje","status":"publish","type":"page","link":"https:\/\/inteligentny-rozwoj.com.pl\/index.php\/fundusze-europejskie-2014-2020\/mrpo-2014-2020\/wiedza-kompetencje\/","title":{"rendered":"10. Wiedza i Kompetencje"},"content":{"rendered":"<h3 style=\"text-align: justify;\">MRPO 2014-2020 \u2013 O\u015b priorytetowa 10 \u2013 Wiedza i Kompetencje<\/h3>\n<p style=\"text-align: justify;\">Celem g\u0142\u00f3wnym osi priorytetowej 10 Wiedza i Kompetencje jest rozw\u00f3j kapita\u0142u intelektualnego mieszka\u0144c\u00f3w jako podstawa budowania silnej pozycji regionu.<\/p>\n<p style=\"text-align: justify;\">O\u015b priorytetowa 10\u00a0Wiedza i Kompetencje realizowana w ramach\u00a0Regionalnego Programu Operacyjnego Wojew\u00f3dztwa Ma\u0142opolskiego na lata 2014-2020, przewiduje do realizacji nast\u0119puj\u0105ce dzia\u0142ania:<\/p>\n<p style=\"text-align: justify;\">DZIA\u0141ANIE 10.1 ROZW\u00d3J KSZTA\u0141CENIA OG\u00d3LNEGO<\/p>\n<p style=\"text-align: justify; padding-left: 30px;\">Poddzia\u0142anie 10.1.1 WYCHOWANIE PRZEDSZKOLNE<\/p>\n<p style=\"text-align: justify; padding-left: 30px;\">Dzia\u0142ania na rzecz zwi\u0119kszenia ilo\u015bci miejsc oraz podniesienia jako\u015bci edukacji przedszkolnej, (w tym na obszarach rewitalizowanych37, a tak\u017ce komplementarne do realizowanych\/planowanych do realizacji projekt\u00f3w z EFRR w ramach Dzia\u0142ania 6.3 \u201eRozw\u00f3j wewn\u0119trznych potencja\u0142\u00f3w regionu\u201d), w szczeg\u00f3lno\u015bci:<br \/>\n1. tworzenie nowych przedszkoli i innych form wychowania przedszkolnego,<br \/>\n2. wsparcie istniej\u0105cych lub nowotworzonych przedszkoli i innych form wychowania przedszkolnego, w zakresie m.in. wyposa\u017cania\/doposa\u017cenia w niezb\u0119dny sprz\u0119t, zabawki, pomoce edukacyjnie itp.,<br \/>\n3. organizacji zaj\u0119\u0107 dodatkowych, wykraczaj\u0105cych poza podstaw\u0119 programow\u0105 wychowania przedszkolnego, wyd\u0142u\u017cenia godzin pracy (tak, aby by\u0142y one bardziej dost\u0119pne dla rodzic\u00f3w\/opiekun\u00f3w dzieci pracuj\u0105cych w niestandardowych godzinach),<br \/>\n4. dzia\u0142ania wyr\u00f3wnuj\u0105ce szanse dzieci ze szczeg\u00f3lnymi potrzebami (w tym dzieci niepe\u0142nosprawnych), przyczyniaj\u0105ce si\u0119 do pe\u0142niejszego ich udzia\u0142u w edukacji przedszkolnej m.in.:<br \/>\n&#8211; zatrudnienie dodatkowego personelu np. asystenta osoby niepe\u0142nosprawnej,<br \/>\n&#8211; zakup niezb\u0119dnego sprz\u0119tu\/wyposa\u017cenia\/zabawek itp.,<br \/>\n5. dzia\u0142ania edukacyjne\/promocyjne w \u015brodowiskach, w kt\u00f3rych odnotowywane jest najni\u017csze uczestnictwo dzieci w edukacji przedszkolnej.<br \/>\n6. rozw\u00f3j kompetencji i umiej\u0119tno\u015bci zawodowych i spo\u0142ecznych kadr wspieranych plac\u00f3wek, wy\u0142\u0105cznie jako element szerszego projektu obejmuj\u0105cego wi\u0119cej typ\u00f3w operacji.<\/p>\n<p style=\"text-align: justify; padding-left: 30px;\">Poddzia\u0142anie 10.1.2 EDUKACJA OG\u00d3LNA<\/p>\n<p style=\"text-align: justify; padding-left: 30px;\">Podnoszenia jako\u015bci i efektywno\u015bci nauczania w ramach kszta\u0142cenia og\u00f3lnego (w tym na obszarach rewitalizowanych38, a tak\u017ce komplementarnie do realizowanych\/planowanych do realizacji projekt\u00f3w z EFRR w ramach Dzia\u0142ania 6.3 \u201eRozw\u00f3j wewn\u0119trznych potencja\u0142\u00f3w regionu\u201d), poprzez w szczeg\u00f3lno\u015bci:<br \/>\n1. rozwijanie u dzieci i m\u0142odzie\u017cy kompetencji kluczowych, w zakresie:<br \/>\n&#8211; nauk matematycznych, przyrodniczych, biologicznych (m.in. poprzez wyposa\u017canie pracowni pozwalaj\u0105cych na szersze wykorzystanie metody eksperymentu w nauczaniu tych przedmiot\u00f3w),<br \/>\n&#8211; kompetencji informatycznych, w tym w zakresie wykorzystania nowoczesnych narz\u0119dzi i technologii informacyjnych i komunikacyjnych oraz cyfrowych w nauczaniu, w szczeg\u00f3lno\u015bci z uwzgl\u0119dnieniem standard\u00f3w wypracowanych w ramach programu cyfrowa szko\u0142a (komponent e-szko\u0142a oraz e-nauczyciel),<br \/>\n&#8211; umiej\u0119tno\u015bci i postaw zwi\u0105zanych m.in. z kreatywno\u015bci\u0105, innowacyjno\u015bci\u0105, prac\u0105 zespo\u0142ow\u0105, ekologi\u0105 oraz przeciwdzia\u0142aniem dyskryminacji,<br \/>\n2. rozwijanie u dzieci i m\u0142odzie\u017cy kompetencji kluczowych z zakresu \u015bwiadomo\u015bci i ekspresji kulturalnej<br \/>\n3. dzia\u0142ania zwi\u0105zane z poradnictwem i doradztwem edukacyjno- zawodowym, w szczeg\u00f3lno\u015bci poprzez wsp\u00f3\u0142prac\u0119 szk\u00f3\u0142 i plac\u00f3wek m.in. ze szko\u0142ami wy\u017cszymi, a tak\u017ce pracodawcami np. sta\u017ce, wizyty studyjne, wizyty zawodoznawcze, przyczyniaj\u0105ce si\u0119 do u\u0142atwienia uczniom wyboru dalszej \u015bcie\u017cki edukacyjnej i zawodowej,<br \/>\n4. wsparcie dla dzieci i m\u0142odzie\u017cy ze specjalnymi potrzebami w szczeg\u00f3lno\u015bci dzia\u0142ania integracyjne, dodatkowe zaj\u0119cia edukacyjno-wyr\u00f3wnawcze oraz interwencje przyczyniaj\u0105ce si\u0119 do zwi\u0119kszonego i pe\u0142nego udzia\u0142u dzieci i m\u0142odzie\u017cy zniepe\u0142nosprawno\u015bciami w edukacji og\u00f3lnej,<br \/>\n5. rozw\u00f3j kompetencji i umiej\u0119tno\u015bci zawodowych i spo\u0142ecznych kadr wspieranych plac\u00f3wek, w szczeg\u00f3lno\u015bci w zakresie:<br \/>\n&#8211; wykorzystania nowoczesnych narz\u0119dzi oraz technologii informacyjnych i komunikacyjnych,<br \/>\n&#8211; nauczania w obszarze przedmiot\u00f3w przyrodniczych oraz pracy metod\u0105 eksperymentu.<\/p>\n<p style=\"text-align: justify; padding-left: 30px;\">Poddzia\u0142anie 10.1.3 DIAMENT PLUS<\/p>\n<p style=\"text-align: justify; padding-left: 30px;\">Realizacja w regionie systemu pracy z uczniem zdolnym w oparciu o narz\u0119dzia oraz programy wypracowane na poziomie regionalnym39, w tym:<br \/>\n1. dzia\u0142ania zwi\u0105zane z diagnozowaniem uzdolnie\u0144 u uczni\u00f3w,<br \/>\n2. realizacja w szko\u0142ach i plac\u00f3wkach prowadz\u0105cych kszta\u0142cenie og\u00f3lne na poziomie podstawowym programu tw\u00f3rczego my\u015blenia,<br \/>\n3. realizacja pozaszkolnych zaj\u0119\u0107 edukacyjnych rozwijaj\u0105cych uzdolnienia uczni\u00f3w, w tym:<br \/>\n&#8211; zaj\u0119cia w Centrach Wspierania Uczni\u00f3w Zdolnych,<br \/>\n&#8211; zaj\u0119cia e-learningowych k\u00f3\u0142 naukowych<br \/>\n&#8211; zaj\u0119cia w ramach wakacyjnych oboz\u00f3w naukowych,<br \/>\n4. wsp\u00f3\u0142praca ze szko\u0142ami wy\u017cszymi oraz innymi podmiotami w regionie w realizacji pozaszkolnych zaj\u0119\u0107 edukacyjnych,<br \/>\n5. wsparcie rodzic\u00f3w uczni\u00f3w zdolnych<br \/>\n6. przygotowanie kadr do pracy z uczniem zdolnym.<\/p>\n<p style=\"text-align: justify; padding-left: 30px;\">Poddzia\u0142anie 10.1.4 MA\u0141OPOLSKA CHMURA EDUKACYJNA<\/p>\n<p style=\"text-align: justify; padding-left: 30px;\">Wsparcie szk\u00f3\u0142 ponadgimnazjalnych prowadz\u0105cych kszta\u0142cenie og\u00f3lne w zakresie wykorzystania nowoczesnych narz\u0119dzi i technologii informacyjnych i komunikacyjnych oraz cyfrowych w nauczaniu bazuj\u0105ce na modelu chmurowym oraz wysokiej jako\u015bci komunikacji multimedialnej, w szczeg\u00f3lno\u015bci poprzez:<br \/>\n1. zaj\u0119cia lekcyjne prowadzone w formule \u201eodwr\u00f3conych lekcji\u201d z wykorzystaniem nowoczesnych technologii komunikacyjnych,<br \/>\n2. wyposa\u017cenie\/doposa\u017cenie w niezb\u0119dny sprz\u0119t dydaktyczny,<br \/>\n3. wsp\u00f3\u0142prac\u0119 ze szko\u0142ami wy\u017cszymi,<br \/>\n4. przygotowanie kadr do pracy z wykorzystaniem nowych technologii informacyjno- komunikacyjnych.<\/p>\n<p style=\"text-align: justify; padding-left: 30px;\">Poddzia\u0142anie 10.1.5 PROGRAM STYPENDIALNY DLA UCZNI\u00d3W ZDOLNYCH<\/p>\n<p style=\"text-align: justify; padding-left: 30px;\">1. regionalny program stypendialny dla uczni\u00f3w szczeg\u00f3lnie uzdolnionych.<\/p>\n<p style=\"text-align: justify;\">Dzia\u0142anie 10.2 ROZW\u00d3J KSZTA\u0141CENIA ZAWODOWEGO<\/p>\n<p style=\"text-align: justify; padding-left: 30px;\">Poddzia\u0142anie 10.2.1 KSZTA\u0141CENIE ZAWODOWE W SUBREGIONACH<\/p>\n<p style=\"text-align: justify; padding-left: 30px;\">Poddzia\u0142anie 10.2.2 PROMOCJA KSZTA\u0141CENIA ZAWODOWEGO<\/p>\n<p style=\"text-align: justify;\">DZIA\u0141ANIE 10.3 ROZW\u00d3J KSZTA\u0141CENIA USTAWICZNEGO<\/p>\n","protected":false},"excerpt":{"rendered":"<p>MRPO 2014-2020 &ndash; O&#347; priorytetowa 10 &ndash; Wiedza i Kompetencje Celem g&#322;&oacute;wnym osi priorytetowej 10 Wiedza i Kompetencje jest rozw&oacute;j kapita&#322;u intelektualnego mieszka&#324;c&oacute;w jako podstawa budowania silnej pozycji regionu. O&#347; priorytetowa 10&nbsp;Wiedza i Kompetencje realizowana w ramach&nbsp;Regionalnego Programu Operacyjnego Wojew&oacute;dztwa Ma&#322;opolskiego na lata 2014-2020, przewiduje do realizacji nast&#281;puj&#261;ce dzia&#322;ania: DZIA&#321;ANIE 10.1 ROZW&Oacute;J KSZTA&#321;CENIA OG&Oacute;LNEGO Poddzia&#322;anie [&hellip;]<\/p>\n","protected":false},"author":1,"featured_media":0,"parent":493,"menu_order":10,"comment_status":"closed","ping_status":"closed","template":"page-templates\/full-width.php","meta":{"_crdt_document":"","content-type":"","_uag_custom_page_level_css":"","footnotes":""},"class_list":["post-516","page","type-page","status-publish","hentry"],"yoast_head":"<!-- This site is optimized with the Yoast SEO plugin v27.3 - https:\/\/yoast.com\/product\/yoast-seo-wordpress\/ -->\n<title>Wiedza i Kompetencje - MRPO 2014-2020 - Ma\u0142opolski RPO<\/title>\n<meta name=\"description\" content=\"Wiedza i Kompetencje - MRPO 2014-2020 - celem g\u0142\u00f3wnym osi jest rozw\u00f3j kapita\u0142u intelektualnego mieszka\u0144c\u00f3w jako podstawa budowania silnej pozycji regionu.\" \/>\n<meta name=\"robots\" content=\"index, follow, max-snippet:-1, max-image-preview:large, max-video-preview:-1\" \/>\n<link rel=\"canonical\" href=\"https:\/\/inteligentny-rozwoj.com.pl\/index.php\/fundusze-europejskie-2014-2020\/mrpo-2014-2020\/wiedza-kompetencje\/\" \/>\n<meta property=\"og:locale\" content=\"pl_PL\" \/>\n<meta property=\"og:type\" content=\"article\" \/>\n<meta property=\"og:title\" content=\"Wiedza i Kompetencje - MRPO 2014-2020 - Ma\u0142opolski RPO\" \/>\n<meta property=\"og:description\" content=\"Wiedza i Kompetencje - MRPO 2014-2020 - celem g\u0142\u00f3wnym osi jest rozw\u00f3j kapita\u0142u intelektualnego mieszka\u0144c\u00f3w jako podstawa budowania silnej pozycji regionu.\" \/>\n<meta property=\"og:url\" content=\"https:\/\/inteligentny-rozwoj.com.pl\/index.php\/fundusze-europejskie-2014-2020\/mrpo-2014-2020\/wiedza-kompetencje\/\" \/>\n<meta property=\"og:site_name\" content=\"RP CONSULTING Rafa\u0142 Pasterczyk | marketing B2B, eksport, dotacje UE\" \/>\n<meta property=\"article:publisher\" content=\"https:\/\/www.facebook.com\/RPConsulting\" \/>\n<meta property=\"article:modified_time\" content=\"2014-10-14T12:17:08+00:00\" \/>\n<meta property=\"og:image\" content=\"https:\/\/inteligentny-rozwoj.com.pl\/wp-content\/uploads\/2021\/06\/rpc_logo_sq.png\" \/>\n\t<meta property=\"og:image:width\" content=\"350\" \/>\n\t<meta property=\"og:image:height\" content=\"300\" \/>\n\t<meta property=\"og:image:type\" content=\"image\/png\" \/>\n<meta name=\"twitter:card\" content=\"summary_large_image\" \/>\n<meta name=\"twitter:site\" content=\"@rp_consulting\" \/>\n<meta name=\"twitter:label1\" content=\"Szacowany czas czytania\" \/>\n\t<meta name=\"twitter:data1\" content=\"4 minuty\" \/>\n<script type=\"application\/ld+json\" class=\"yoast-schema-graph\">{\"@context\":\"https:\\\/\\\/schema.org\",\"@graph\":[{\"@type\":\"Article\",\"@id\":\"https:\\\/\\\/inteligentny-rozwoj.com.pl\\\/index.php\\\/fundusze-europejskie-2014-2020\\\/mrpo-2014-2020\\\/wiedza-kompetencje\\\/#article\",\"isPartOf\":{\"@id\":\"https:\\\/\\\/inteligentny-rozwoj.com.pl\\\/index.php\\\/fundusze-europejskie-2014-2020\\\/mrpo-2014-2020\\\/wiedza-kompetencje\\\/\"},\"author\":{\"name\":\"RP CONSULTING Rafa\u0142 Pasterczyk\",\"@id\":\"https:\\\/\\\/inteligentny-rozwoj.com.pl\\\/#\\\/schema\\\/person\\\/781a467e5e331ce384632759ecdba772\"},\"headline\":\"10. Wiedza i Kompetencje\",\"datePublished\":\"2014-09-29T11:54:32+00:00\",\"dateModified\":\"2014-10-14T12:17:08+00:00\",\"mainEntityOfPage\":{\"@id\":\"https:\\\/\\\/inteligentny-rozwoj.com.pl\\\/index.php\\\/fundusze-europejskie-2014-2020\\\/mrpo-2014-2020\\\/wiedza-kompetencje\\\/\"},\"wordCount\":844,\"publisher\":{\"@id\":\"https:\\\/\\\/inteligentny-rozwoj.com.pl\\\/#organization\"},\"inLanguage\":\"pl-PL\"},{\"@type\":\"WebPage\",\"@id\":\"https:\\\/\\\/inteligentny-rozwoj.com.pl\\\/index.php\\\/fundusze-europejskie-2014-2020\\\/mrpo-2014-2020\\\/wiedza-kompetencje\\\/\",\"url\":\"https:\\\/\\\/inteligentny-rozwoj.com.pl\\\/index.php\\\/fundusze-europejskie-2014-2020\\\/mrpo-2014-2020\\\/wiedza-kompetencje\\\/\",\"name\":\"Wiedza i Kompetencje - MRPO 2014-2020 - Ma\u0142opolski RPO\",\"isPartOf\":{\"@id\":\"https:\\\/\\\/inteligentny-rozwoj.com.pl\\\/#website\"},\"datePublished\":\"2014-09-29T11:54:32+00:00\",\"dateModified\":\"2014-10-14T12:17:08+00:00\",\"description\":\"Wiedza i Kompetencje - MRPO 2014-2020 - celem g\u0142\u00f3wnym osi jest rozw\u00f3j kapita\u0142u intelektualnego mieszka\u0144c\u00f3w jako podstawa budowania silnej pozycji regionu.\",\"breadcrumb\":{\"@id\":\"https:\\\/\\\/inteligentny-rozwoj.com.pl\\\/index.php\\\/fundusze-europejskie-2014-2020\\\/mrpo-2014-2020\\\/wiedza-kompetencje\\\/#breadcrumb\"},\"inLanguage\":\"pl-PL\",\"potentialAction\":[{\"@type\":\"ReadAction\",\"target\":[\"https:\\\/\\\/inteligentny-rozwoj.com.pl\\\/index.php\\\/fundusze-europejskie-2014-2020\\\/mrpo-2014-2020\\\/wiedza-kompetencje\\\/\"]}]},{\"@type\":\"BreadcrumbList\",\"@id\":\"https:\\\/\\\/inteligentny-rozwoj.com.pl\\\/index.php\\\/fundusze-europejskie-2014-2020\\\/mrpo-2014-2020\\\/wiedza-kompetencje\\\/#breadcrumb\",\"itemListElement\":[{\"@type\":\"ListItem\",\"position\":1,\"name\":\"Fundusze 2014-2020\",\"item\":\"https:\\\/\\\/inteligentny-rozwoj.com.pl\\\/index.php\\\/fundusze-europejskie-2014-2020\\\/\"},{\"@type\":\"ListItem\",\"position\":2,\"name\":\"RPO WM 2014-2020\",\"item\":\"https:\\\/\\\/inteligentny-rozwoj.com.pl\\\/index.php\\\/fundusze-europejskie-2014-2020\\\/mrpo-2014-2020\\\/\"},{\"@type\":\"ListItem\",\"position\":3,\"name\":\"10. Wiedza i Kompetencje\"}]},{\"@type\":\"WebSite\",\"@id\":\"https:\\\/\\\/inteligentny-rozwoj.com.pl\\\/#website\",\"url\":\"https:\\\/\\\/inteligentny-rozwoj.com.pl\\\/\",\"name\":\"RP CONSULTING Rafa\u0142 Pasterczyk | marketing B2B, eksport, dotacje UE\",\"description\":\"Tw\u00f3j partner w rozwoju biznesu - skuteczne doradztwo w marketingu B2B, rozwoju eksportu i pozyskiwaniu dotacji\",\"publisher\":{\"@id\":\"https:\\\/\\\/inteligentny-rozwoj.com.pl\\\/#organization\"},\"alternateName\":\"Rafa\u0142 Pasterczyk RP CONSULTING\",\"potentialAction\":[{\"@type\":\"SearchAction\",\"target\":{\"@type\":\"EntryPoint\",\"urlTemplate\":\"https:\\\/\\\/inteligentny-rozwoj.com.pl\\\/?s={search_term_string}\"},\"query-input\":{\"@type\":\"PropertyValueSpecification\",\"valueRequired\":true,\"valueName\":\"search_term_string\"}}],\"inLanguage\":\"pl-PL\"},{\"@type\":\"Organization\",\"@id\":\"https:\\\/\\\/inteligentny-rozwoj.com.pl\\\/#organization\",\"name\":\"RP CONSULTING Rafa\u0142 Pasterczyk\",\"alternateName\":\"Rafa\u0142 Pasterczyk RP CONSULTING\",\"url\":\"https:\\\/\\\/inteligentny-rozwoj.com.pl\\\/\",\"logo\":{\"@type\":\"ImageObject\",\"inLanguage\":\"pl-PL\",\"@id\":\"https:\\\/\\\/inteligentny-rozwoj.com.pl\\\/#\\\/schema\\\/logo\\\/image\\\/\",\"url\":\"https:\\\/\\\/inteligentny-rozwoj.com.pl\\\/wp-content\\\/uploads\\\/2019\\\/01\\\/cropped-rpc_logo_sq-e1546996617786.png\",\"contentUrl\":\"https:\\\/\\\/inteligentny-rozwoj.com.pl\\\/wp-content\\\/uploads\\\/2019\\\/01\\\/cropped-rpc_logo_sq-e1546996617786.png\",\"width\":512,\"height\":512,\"caption\":\"RP CONSULTING Rafa\u0142 Pasterczyk\"},\"image\":{\"@id\":\"https:\\\/\\\/inteligentny-rozwoj.com.pl\\\/#\\\/schema\\\/logo\\\/image\\\/\"},\"sameAs\":[\"https:\\\/\\\/www.facebook.com\\\/RPConsulting\",\"https:\\\/\\\/x.com\\\/rp_consulting\",\"https:\\\/\\\/www.instagram.com\\\/rpconsulting.pl\\\/\",\"https:\\\/\\\/pl.linkedin.com\\\/company\\\/rp-consulting-rpc\",\"https:\\\/\\\/www.linkedin.com\\\/in\\\/rafal-pasterczyk\\\/\"]},{\"@type\":\"Person\",\"@id\":\"https:\\\/\\\/inteligentny-rozwoj.com.pl\\\/#\\\/schema\\\/person\\\/781a467e5e331ce384632759ecdba772\",\"name\":\"RP CONSULTING Rafa\u0142 Pasterczyk\",\"image\":{\"@type\":\"ImageObject\",\"inLanguage\":\"pl-PL\",\"@id\":\"https:\\\/\\\/secure.gravatar.com\\\/avatar\\\/fde501377d5b06ef1fb158c1ea34fe2defd80fd9526b2263a81456023558c240?s=96&d=mm&r=g\",\"url\":\"https:\\\/\\\/secure.gravatar.com\\\/avatar\\\/fde501377d5b06ef1fb158c1ea34fe2defd80fd9526b2263a81456023558c240?s=96&d=mm&r=g\",\"contentUrl\":\"https:\\\/\\\/secure.gravatar.com\\\/avatar\\\/fde501377d5b06ef1fb158c1ea34fe2defd80fd9526b2263a81456023558c240?s=96&d=mm&r=g\",\"caption\":\"RP CONSULTING Rafa\u0142 Pasterczyk\"},\"description\":\"Doradztwo biznesowe i outsourcing - us\u0142ugi doradcze w zakresie marketingu B2B, rozwoju eksportu oraz pozyskiwanie i rozliczanie dotacji na rozw\u00f3j eksportu i cyfryzacj\u0119. Ponad 100 skutecznie zrealizowanych projekt\u00f3w. Wiele z nich \u0142\u0105czy doradztwo w zakresie strategii internacjonalizacji ze skutecznym pozyskaniem dofinansowania na dzia\u0142ania na rynkach zagranicznych.\",\"sameAs\":[\"https:\\\/\\\/inteligentny-rozwoj.com.pl\\\/\",\"https:\\\/\\\/www.facebook.com\\\/RPConsulting\\\/\",\"https:\\\/\\\/www.instagram.com\\\/rpconsulting.pl\\\/\",\"https:\\\/\\\/pl.linkedin.com\\\/company\\\/rp-consulting-rpc\",\"https:\\\/\\\/www.youtube.com\\\/@RPCONSULTING-b2b\"],\"url\":\"https:\\\/\\\/inteligentny-rozwoj.com.pl\\\/index.php\\\/author\\\/rpconsulting\\\/\"}]}<\/script>\n<!-- \/ Yoast SEO plugin. -->","yoast_head_json":{"title":"Wiedza i Kompetencje - MRPO 2014-2020 - Ma\u0142opolski RPO","description":"Wiedza i Kompetencje - MRPO 2014-2020 - celem g\u0142\u00f3wnym osi jest rozw\u00f3j kapita\u0142u intelektualnego mieszka\u0144c\u00f3w jako podstawa budowania silnej pozycji regionu.","robots":{"index":"index","follow":"follow","max-snippet":"max-snippet:-1","max-image-preview":"max-image-preview:large","max-video-preview":"max-video-preview:-1"},"canonical":"https:\/\/inteligentny-rozwoj.com.pl\/index.php\/fundusze-europejskie-2014-2020\/mrpo-2014-2020\/wiedza-kompetencje\/","og_locale":"pl_PL","og_type":"article","og_title":"Wiedza i Kompetencje - MRPO 2014-2020 - Ma\u0142opolski RPO","og_description":"Wiedza i Kompetencje - MRPO 2014-2020 - celem g\u0142\u00f3wnym osi jest rozw\u00f3j kapita\u0142u intelektualnego mieszka\u0144c\u00f3w jako podstawa budowania silnej pozycji regionu.","og_url":"https:\/\/inteligentny-rozwoj.com.pl\/index.php\/fundusze-europejskie-2014-2020\/mrpo-2014-2020\/wiedza-kompetencje\/","og_site_name":"RP CONSULTING Rafa\u0142 Pasterczyk | marketing B2B, eksport, dotacje UE","article_publisher":"https:\/\/www.facebook.com\/RPConsulting","article_modified_time":"2014-10-14T12:17:08+00:00","og_image":[{"width":350,"height":300,"url":"https:\/\/inteligentny-rozwoj.com.pl\/wp-content\/uploads\/2021\/06\/rpc_logo_sq.png","type":"image\/png"}],"twitter_card":"summary_large_image","twitter_site":"@rp_consulting","twitter_misc":{"Szacowany czas czytania":"4 minuty"},"schema":{"@context":"https:\/\/schema.org","@graph":[{"@type":"Article","@id":"https:\/\/inteligentny-rozwoj.com.pl\/index.php\/fundusze-europejskie-2014-2020\/mrpo-2014-2020\/wiedza-kompetencje\/#article","isPartOf":{"@id":"https:\/\/inteligentny-rozwoj.com.pl\/index.php\/fundusze-europejskie-2014-2020\/mrpo-2014-2020\/wiedza-kompetencje\/"},"author":{"name":"RP CONSULTING Rafa\u0142 Pasterczyk","@id":"https:\/\/inteligentny-rozwoj.com.pl\/#\/schema\/person\/781a467e5e331ce384632759ecdba772"},"headline":"10. Wiedza i Kompetencje","datePublished":"2014-09-29T11:54:32+00:00","dateModified":"2014-10-14T12:17:08+00:00","mainEntityOfPage":{"@id":"https:\/\/inteligentny-rozwoj.com.pl\/index.php\/fundusze-europejskie-2014-2020\/mrpo-2014-2020\/wiedza-kompetencje\/"},"wordCount":844,"publisher":{"@id":"https:\/\/inteligentny-rozwoj.com.pl\/#organization"},"inLanguage":"pl-PL"},{"@type":"WebPage","@id":"https:\/\/inteligentny-rozwoj.com.pl\/index.php\/fundusze-europejskie-2014-2020\/mrpo-2014-2020\/wiedza-kompetencje\/","url":"https:\/\/inteligentny-rozwoj.com.pl\/index.php\/fundusze-europejskie-2014-2020\/mrpo-2014-2020\/wiedza-kompetencje\/","name":"Wiedza i Kompetencje - MRPO 2014-2020 - Ma\u0142opolski RPO","isPartOf":{"@id":"https:\/\/inteligentny-rozwoj.com.pl\/#website"},"datePublished":"2014-09-29T11:54:32+00:00","dateModified":"2014-10-14T12:17:08+00:00","description":"Wiedza i Kompetencje - MRPO 2014-2020 - celem g\u0142\u00f3wnym osi jest rozw\u00f3j kapita\u0142u intelektualnego mieszka\u0144c\u00f3w jako podstawa budowania silnej pozycji regionu.","breadcrumb":{"@id":"https:\/\/inteligentny-rozwoj.com.pl\/index.php\/fundusze-europejskie-2014-2020\/mrpo-2014-2020\/wiedza-kompetencje\/#breadcrumb"},"inLanguage":"pl-PL","potentialAction":[{"@type":"ReadAction","target":["https:\/\/inteligentny-rozwoj.com.pl\/index.php\/fundusze-europejskie-2014-2020\/mrpo-2014-2020\/wiedza-kompetencje\/"]}]},{"@type":"BreadcrumbList","@id":"https:\/\/inteligentny-rozwoj.com.pl\/index.php\/fundusze-europejskie-2014-2020\/mrpo-2014-2020\/wiedza-kompetencje\/#breadcrumb","itemListElement":[{"@type":"ListItem","position":1,"name":"Fundusze 2014-2020","item":"https:\/\/inteligentny-rozwoj.com.pl\/index.php\/fundusze-europejskie-2014-2020\/"},{"@type":"ListItem","position":2,"name":"RPO WM 2014-2020","item":"https:\/\/inteligentny-rozwoj.com.pl\/index.php\/fundusze-europejskie-2014-2020\/mrpo-2014-2020\/"},{"@type":"ListItem","position":3,"name":"10. Wiedza i Kompetencje"}]},{"@type":"WebSite","@id":"https:\/\/inteligentny-rozwoj.com.pl\/#website","url":"https:\/\/inteligentny-rozwoj.com.pl\/","name":"RP CONSULTING Rafa\u0142 Pasterczyk | marketing B2B, eksport, dotacje UE","description":"Tw\u00f3j partner w rozwoju biznesu - skuteczne doradztwo w marketingu B2B, rozwoju eksportu i pozyskiwaniu dotacji","publisher":{"@id":"https:\/\/inteligentny-rozwoj.com.pl\/#organization"},"alternateName":"Rafa\u0142 Pasterczyk RP CONSULTING","potentialAction":[{"@type":"SearchAction","target":{"@type":"EntryPoint","urlTemplate":"https:\/\/inteligentny-rozwoj.com.pl\/?s={search_term_string}"},"query-input":{"@type":"PropertyValueSpecification","valueRequired":true,"valueName":"search_term_string"}}],"inLanguage":"pl-PL"},{"@type":"Organization","@id":"https:\/\/inteligentny-rozwoj.com.pl\/#organization","name":"RP CONSULTING Rafa\u0142 Pasterczyk","alternateName":"Rafa\u0142 Pasterczyk RP CONSULTING","url":"https:\/\/inteligentny-rozwoj.com.pl\/","logo":{"@type":"ImageObject","inLanguage":"pl-PL","@id":"https:\/\/inteligentny-rozwoj.com.pl\/#\/schema\/logo\/image\/","url":"https:\/\/inteligentny-rozwoj.com.pl\/wp-content\/uploads\/2019\/01\/cropped-rpc_logo_sq-e1546996617786.png","contentUrl":"https:\/\/inteligentny-rozwoj.com.pl\/wp-content\/uploads\/2019\/01\/cropped-rpc_logo_sq-e1546996617786.png","width":512,"height":512,"caption":"RP CONSULTING Rafa\u0142 Pasterczyk"},"image":{"@id":"https:\/\/inteligentny-rozwoj.com.pl\/#\/schema\/logo\/image\/"},"sameAs":["https:\/\/www.facebook.com\/RPConsulting","https:\/\/x.com\/rp_consulting","https:\/\/www.instagram.com\/rpconsulting.pl\/","https:\/\/pl.linkedin.com\/company\/rp-consulting-rpc","https:\/\/www.linkedin.com\/in\/rafal-pasterczyk\/"]},{"@type":"Person","@id":"https:\/\/inteligentny-rozwoj.com.pl\/#\/schema\/person\/781a467e5e331ce384632759ecdba772","name":"RP CONSULTING Rafa\u0142 Pasterczyk","image":{"@type":"ImageObject","inLanguage":"pl-PL","@id":"https:\/\/secure.gravatar.com\/avatar\/fde501377d5b06ef1fb158c1ea34fe2defd80fd9526b2263a81456023558c240?s=96&d=mm&r=g","url":"https:\/\/secure.gravatar.com\/avatar\/fde501377d5b06ef1fb158c1ea34fe2defd80fd9526b2263a81456023558c240?s=96&d=mm&r=g","contentUrl":"https:\/\/secure.gravatar.com\/avatar\/fde501377d5b06ef1fb158c1ea34fe2defd80fd9526b2263a81456023558c240?s=96&d=mm&r=g","caption":"RP CONSULTING Rafa\u0142 Pasterczyk"},"description":"Doradztwo biznesowe i outsourcing - us\u0142ugi doradcze w zakresie marketingu B2B, rozwoju eksportu oraz pozyskiwanie i rozliczanie dotacji na rozw\u00f3j eksportu i cyfryzacj\u0119. Ponad 100 skutecznie zrealizowanych projekt\u00f3w. Wiele z nich \u0142\u0105czy doradztwo w zakresie strategii internacjonalizacji ze skutecznym pozyskaniem dofinansowania na dzia\u0142ania na rynkach zagranicznych.","sameAs":["https:\/\/inteligentny-rozwoj.com.pl\/","https:\/\/www.facebook.com\/RPConsulting\/","https:\/\/www.instagram.com\/rpconsulting.pl\/","https:\/\/pl.linkedin.com\/company\/rp-consulting-rpc","https:\/\/www.youtube.com\/@RPCONSULTING-b2b"],"url":"https:\/\/inteligentny-rozwoj.com.pl\/index.php\/author\/rpconsulting\/"}]}},"uagb_featured_image_src":{"full":false,"thumbnail":false,"medium":false,"medium_large":false,"large":false,"1536x1536":false,"2048x2048":false,"post-thumbnail":false,"sow-carousel-default":false,"sow-blog-portfolio":false,"sow-blog-grid":false,"sow-blog-alternate":false},"uagb_author_info":{"display_name":"RP CONSULTING Rafa\u0142 Pasterczyk","author_link":"https:\/\/inteligentny-rozwoj.com.pl\/index.php\/author\/rpconsulting\/"},"uagb_comment_info":0,"uagb_excerpt":"MRPO 2014-2020 &ndash; O&#347; priorytetowa 10 &ndash; Wiedza i Kompetencje Celem g&#322;&oacute;wnym osi priorytetowej 10 Wiedza i Kompetencje jest rozw&oacute;j kapita&#322;u intelektualnego mieszka&#324;c&oacute;w jako podstawa budowania silnej pozycji regionu. O&#347; priorytetowa 10&nbsp;Wiedza i Kompetencje realizowana w ramach&nbsp;Regionalnego Programu Operacyjnego Wojew&oacute;dztwa Ma&#322;opolskiego na lata 2014-2020, przewiduje do realizacji nast&#281;puj&#261;ce dzia&#322;ania: DZIA&#321;ANIE 10.1 ROZW&Oacute;J KSZTA&#321;CENIA OG&Oacute;LNEGO Poddzia&#322;anie&hellip;","_links":{"self":[{"href":"https:\/\/inteligentny-rozwoj.com.pl\/index.php\/wp-json\/wp\/v2\/pages\/516","targetHints":{"allow":["GET"]}}],"collection":[{"href":"https:\/\/inteligentny-rozwoj.com.pl\/index.php\/wp-json\/wp\/v2\/pages"}],"about":[{"href":"https:\/\/inteligentny-rozwoj.com.pl\/index.php\/wp-json\/wp\/v2\/types\/page"}],"author":[{"embeddable":true,"href":"https:\/\/inteligentny-rozwoj.com.pl\/index.php\/wp-json\/wp\/v2\/users\/1"}],"replies":[{"embeddable":true,"href":"https:\/\/inteligentny-rozwoj.com.pl\/index.php\/wp-json\/wp\/v2\/comments?post=516"}],"version-history":[{"count":6,"href":"https:\/\/inteligentny-rozwoj.com.pl\/index.php\/wp-json\/wp\/v2\/pages\/516\/revisions"}],"predecessor-version":[{"id":596,"href":"https:\/\/inteligentny-rozwoj.com.pl\/index.php\/wp-json\/wp\/v2\/pages\/516\/revisions\/596"}],"up":[{"embeddable":true,"href":"https:\/\/inteligentny-rozwoj.com.pl\/index.php\/wp-json\/wp\/v2\/pages\/493"}],"wp:attachment":[{"href":"https:\/\/inteligentny-rozwoj.com.pl\/index.php\/wp-json\/wp\/v2\/media?parent=516"}],"curies":[{"name":"wp","href":"https:\/\/api.w.org\/{rel}","templated":true}]}}